CRAN Package Check Results for Package ddalpha

Last updated on 2020-04-25 01:52:59 CEST.

Flavor Version Tinstall Tcheck Ttotal Status Flags
r-devel-linux-x86_64-debian-clang 1.3.11 185.57 113.68 299.25 OK
r-devel-linux-x86_64-debian-gcc 1.3.11 108.41 87.06 195.47 OK
r-devel-linux-x86_64-fedora-clang 1.3.11 409.18 NOTE
r-devel-linux-x86_64-fedora-gcc 1.3.11 353.94 OK
r-devel-windows-ix86+x86_64 1.3.11 477.00 188.00 665.00 OK
r-patched-linux-x86_64 1.3.11 135.59 113.22 248.81 OK
r-patched-osx-x86_64 1.3.11 OK
r-patched-solaris-x86 1.3.11 381.50 OK
r-release-linux-x86_64 1.3.11 130.98 103.13 234.11 OK
r-release-windows-ix86+x86_64 1.3.11 450.00 178.00 628.00 OK
r-release-osx-x86_64 1.3.11 OK
r-oldrel-windows-ix86+x86_64 1.3.11 315.00 204.00 519.00 OK
r-oldrel-osx-x86_64 1.3.11 OK

Check Details

Version: 1.3.11
Check: installed package size
Result: NOTE
     installed size is 5.2Mb
     sub-directories of 1Mb or more:
     libs 4.0Mb
Flavor: r-devel-linux-x86_64-fedora-clang