Last updated on 2020-04-25 01:52:59 CEST.
Flavor | Version | Tinstall | Tcheck | Ttotal | Status | Flags |
---|---|---|---|---|---|---|
r-devel-linux-x86_64-debian-clang | 1.4.3 | 12.56 | 109.88 | 122.44 | OK | |
r-devel-linux-x86_64-debian-gcc | 1.4.3 | 12.10 | 84.47 | 96.57 | OK | |
r-devel-linux-x86_64-fedora-clang | 1.4.3 | 158.68 | OK | |||
r-devel-linux-x86_64-fedora-gcc | 1.4.3 | 151.84 | OK | |||
r-devel-windows-ix86+x86_64 | 1.4.3 | 34.00 | 165.00 | 199.00 | OK | |
r-patched-linux-x86_64 | 1.4.3 | 13.68 | 106.37 | 120.05 | OK | |
r-patched-osx-x86_64 | 1.4.3 | OK | ||||
r-patched-solaris-x86 | 1.4.3 | 194.10 | NOTE | |||
r-release-linux-x86_64 | 1.4.3 | 12.53 | 97.52 | 110.05 | OK | |
r-release-windows-ix86+x86_64 | 1.4.3 | 28.00 | 158.00 | 186.00 | OK | |
r-release-osx-x86_64 | 1.4.3 | OK | ||||
r-oldrel-windows-ix86+x86_64 | 1.4.3 | 14.00 | 89.00 | 103.00 | OK | |
r-oldrel-osx-x86_64 | 1.4.2 | OK |
Version: 1.4.3
Check: package dependencies
Result: NOTE
Package suggested but not available for checking: ‘RPostgres’
Flavor: r-patched-solaris-x86