CRAN Package Check Results for Package dbnR

Last updated on 2020-04-25 01:52:59 CEST.

Flavor Version Tinstall Tcheck Ttotal Status Flags
r-devel-linux-x86_64-debian-clang 0.3.4 21.11 60.35 81.46 OK
r-devel-linux-x86_64-debian-gcc 0.3.4 14.33 51.47 65.80 OK
r-devel-linux-x86_64-fedora-clang 0.3.4 98.32 OK
r-devel-linux-x86_64-fedora-gcc 0.3.4 95.72 OK
r-devel-windows-ix86+x86_64 0.3.4 56.00 101.00 157.00 OK
r-patched-linux-x86_64 0.3.4 18.42 55.86 74.28 OK
r-patched-osx-x86_64 0.3.4 OK
r-patched-solaris-x86 0.3.4 120.80 OK
r-release-linux-x86_64 0.3.4 17.30 55.04 72.34 OK
r-release-windows-ix86+x86_64 0.3.4 53.00 103.00 156.00 OK
r-release-osx-x86_64 0.3.4 OK
r-oldrel-windows-ix86+x86_64 0.3.4 33.00 145.00 178.00 NOTE
r-oldrel-osx-x86_64 0.3.3 ERROR

Check Details

Version: 0.3.4
Check: dependencies in R code
Result: NOTE
    Missing or unexported object: 'grDevices::hcl.colors'
Flavor: r-oldrel-windows-ix86+x86_64

Version: 0.3.3
Check: whether package can be installed
Result: ERROR
    Installation failed.
Flavor: r-oldrel-osx-x86_64