CRAN Package Check Results for Package dataverse

Last updated on 2020-04-25 01:52:59 CEST.

Flavor Version Tinstall Tcheck Ttotal Status Flags
r-devel-linux-x86_64-debian-clang 0.2.0 4.67 34.24 38.91 OK
r-devel-linux-x86_64-debian-gcc 0.2.0 3.19 27.28 30.47 OK
r-devel-linux-x86_64-fedora-clang 0.2.0 47.38 OK
r-devel-linux-x86_64-fedora-gcc 0.2.0 49.97 OK
r-devel-windows-ix86+x86_64 0.2.0 15.00 52.00 67.00 OK
r-patched-linux-x86_64 0.2.0 4.23 33.69 37.92 OK
r-patched-osx-x86_64 0.2.0 WARN
r-patched-solaris-x86 0.2.0 73.60 OK
r-release-linux-x86_64 0.2.0 3.36 31.54 34.90 OK
r-release-windows-ix86+x86_64 0.2.0 9.00 48.00 57.00 OK
r-release-osx-x86_64 0.2.0 OK
r-oldrel-windows-ix86+x86_64 0.2.0 5.00 70.00 75.00 OK
r-oldrel-osx-x86_64 0.2.0 OK

Check Details

Version: 0.2.0
Check: re-building of vignette outputs
Result: WARN
    Error(s) in re-building vignettes:
    --- re-building ‘A-introduction.Rmd’ using rmarkdown
    dyld: lazy symbol binding failed: Symbol not found: ____chkstk_darwin
     Referenced from: /usr/local/bin/pandoc (which was built for Mac OS X 10.15)
     Expected in: /usr/lib/libSystem.B.dylib
    
    dyld: Symbol not found: ____chkstk_darwin
     Referenced from: /usr/local/bin/pandoc (which was built for Mac OS X 10.15)
     Expected in: /usr/lib/libSystem.B.dylib
    
    Error: processing vignette 'A-introduction.Rmd' failed with diagnostics:
    pandoc document conversion failed with error 6
    --- failed re-building ‘A-introduction.Rmd’
    
    --- re-building ‘B-search.Rmd’ using rmarkdown
    dyld: lazy symbol binding failed: Symbol not found: ____chkstk_darwin
     Referenced from: /usr/local/bin/pandoc (which was built for Mac OS X 10.15)
     Expected in: /usr/lib/libSystem.B.dylib
    
    dyld: Symbol not found: ____chkstk_darwin
     Referenced from: /usr/local/bin/pandoc (which was built for Mac OS X 10.15)
     Expected in: /usr/lib/libSystem.B.dylib
    
    Error: processing vignette 'B-search.Rmd' failed with diagnostics:
    pandoc document conversion failed with error 6
    --- failed re-building ‘B-search.Rmd’
    
    --- re-building ‘C-retrieval.Rmd’ using rmarkdown
    dyld: lazy symbol binding failed: Symbol not found: ____chkstk_darwin
     Referenced from: /usr/local/bin/pandoc (which was built for Mac OS X 10.15)
     Expected in: /usr/lib/libSystem.B.dylib
    
    dyld: Symbol not found: ____chkstk_darwin
     Referenced from: /usr/local/bin/pandoc (which was built for Mac OS X 10.15)
     Expected in: /usr/lib/libSystem.B.dylib
    
    Error: processing vignette 'C-retrieval.Rmd' failed with diagnostics:
    pandoc document conversion failed with error 6
    --- failed re-building ‘C-retrieval.Rmd’
    
    --- re-building ‘D-archiving.Rmd’ using rmarkdown
    dyld: lazy symbol binding failed: Symbol not found: ____chkstk_darwin
     Referenced from: /usr/local/bin/pandoc (which was built for Mac OS X 10.15)
     Expected in: /usr/lib/libSystem.B.dylib
    
    dyld: Symbol not found: ____chkstk_darwin
     Referenced from: /usr/local/bin/pandoc (which was built for Mac OS X 10.15)
     Expected in: /usr/lib/libSystem.B.dylib
    
    Error: processing vignette 'D-archiving.Rmd' failed with diagnostics:
    pandoc document conversion failed with error 6
    --- failed re-building ‘D-archiving.Rmd’
    
    SUMMARY: processing the following files failed:
     ‘A-introduction.Rmd’ ‘B-search.Rmd’ ‘C-retrieval.Rmd’
     ‘D-archiving.Rmd’
    
    Error: Vignette re-building failed.
    Execution halted
Flavor: r-patched-osx-x86_64