CRAN Package Check Results for Package datapasta

Last updated on 2020-04-25 01:52:59 CEST.

Flavor Version Tinstall Tcheck Ttotal Status Flags
r-devel-linux-x86_64-debian-clang 3.1.0 3.11 29.56 32.67 OK
r-devel-linux-x86_64-debian-gcc 3.1.0 2.67 23.86 26.53 OK
r-devel-linux-x86_64-fedora-clang 3.1.0 41.24 OK
r-devel-linux-x86_64-fedora-gcc 3.1.0 40.92 OK
r-devel-windows-ix86+x86_64 3.1.0 16.00 42.00 58.00 OK
r-patched-linux-x86_64 3.1.0 3.16 29.15 32.31 OK
r-patched-osx-x86_64 3.1.0 WARN
r-patched-solaris-x86 3.1.0 60.90 OK
r-release-linux-x86_64 3.1.0 2.35 27.44 29.79 OK
r-release-windows-ix86+x86_64 3.1.0 13.00 64.00 77.00 OK
r-release-osx-x86_64 3.1.0 OK
r-oldrel-windows-ix86+x86_64 3.1.0 6.00 40.00 46.00 OK
r-oldrel-osx-x86_64 3.1.0 OK

Check Details

Version: 3.1.0
Check: re-building of vignette outputs
Result: WARN
    Error(s) in re-building vignettes:
    --- re-building ‘datapasta-in-the-cloud.Rmd’ using rmarkdown
    dyld: lazy symbol binding failed: Symbol not found: ____chkstk_darwin
     Referenced from: /usr/local/bin/pandoc (which was built for Mac OS X 10.15)
     Expected in: /usr/lib/libSystem.B.dylib
    
    dyld: Symbol not found: ____chkstk_darwin
     Referenced from: /usr/local/bin/pandoc (which was built for Mac OS X 10.15)
     Expected in: /usr/lib/libSystem.B.dylib
    
    Error: processing vignette 'datapasta-in-the-cloud.Rmd' failed with diagnostics:
    pandoc document conversion failed with error 6
    --- failed re-building ‘datapasta-in-the-cloud.Rmd’
    
    --- re-building ‘how-to-datapasta.Rmd’ using rmarkdown
    dyld: lazy symbol binding failed: Symbol not found: ____chkstk_darwin
     Referenced from: /usr/local/bin/pandoc (which was built for Mac OS X 10.15)
     Expected in: /usr/lib/libSystem.B.dylib
    
    dyld: Symbol not found: ____chkstk_darwin
     Referenced from: /usr/local/bin/pandoc (which was built for Mac OS X 10.15)
     Expected in: /usr/lib/libSystem.B.dylib
    
    Error: processing vignette 'how-to-datapasta.Rmd' failed with diagnostics:
    pandoc document conversion failed with error 6
    --- failed re-building ‘how-to-datapasta.Rmd’
    
    SUMMARY: processing the following files failed:
     ‘datapasta-in-the-cloud.Rmd’ ‘how-to-datapasta.Rmd’
    
    Error: Vignette re-building failed.
    Execution halted
Flavor: r-patched-osx-x86_64