CRAN Package Check Results for Package datapackage.r

Last updated on 2020-04-25 01:52:59 CEST.

Flavor Version Tinstall Tcheck Ttotal Status Flags
r-devel-linux-x86_64-debian-clang 1.3.0 7.51 107.45 114.96 OK
r-devel-linux-x86_64-debian-gcc 1.3.0 5.59 80.07 85.66 OK
r-devel-linux-x86_64-fedora-clang 1.3.0 128.32 NOTE
r-devel-linux-x86_64-fedora-gcc 1.3.0 134.56 NOTE
r-devel-windows-ix86+x86_64 1.3.0 29.00 180.00 209.00 OK
r-patched-linux-x86_64 1.3.0 7.52 106.23 113.75 OK
r-patched-osx-x86_64 1.3.0 WARN
r-patched-solaris-x86 1.3.0 174.50 NOTE
r-release-linux-x86_64 1.3.0 5.56 98.09 103.65 OK
r-release-windows-ix86+x86_64 1.3.0 18.00 169.00 187.00 OK
r-release-osx-x86_64 1.3.0 NOTE
r-oldrel-windows-ix86+x86_64 1.3.0 10.00 162.00 172.00 OK
r-oldrel-osx-x86_64 1.3.0 NOTE

Check Details

Version: 1.3.0
Check: dependencies in R code
Result: NOTE
    Namespaces in Imports field not imported from:
     ‘future’ ‘iterators’ ‘readr’
     All declared Imports should be used.
Flavors: r-devel-linux-x86_64-fedora-clang, r-devel-linux-x86_64-fedora-gcc, r-patched-osx-x86_64, r-patched-solaris-x86, r-release-osx-x86_64, r-oldrel-osx-x86_64

Version: 1.3.0
Check: re-building of vignette outputs
Result: WARN
    Error(s) in re-building vignettes:
    --- re-building ‘creating_data_packages_in_r.Rmd’ using rmarkdown
    dyld: lazy symbol binding failed: Symbol not found: ____chkstk_darwin
     Referenced from: /usr/local/bin/pandoc (which was built for Mac OS X 10.15)
     Expected in: /usr/lib/libSystem.B.dylib
    
    dyld: Symbol not found: ____chkstk_darwin
     Referenced from: /usr/local/bin/pandoc (which was built for Mac OS X 10.15)
     Expected in: /usr/lib/libSystem.B.dylib
    
    Error: processing vignette 'creating_data_packages_in_r.Rmd' failed with diagnostics:
    pandoc document conversion failed with error 6
    --- failed re-building ‘creating_data_packages_in_r.Rmd’
    
    --- re-building ‘using_data_packages_in_r.Rmd.Rmd’ using rmarkdown
    dyld: lazy symbol binding failed: Symbol not found: ____chkstk_darwin
     Referenced from: /usr/local/bin/pandoc (which was built for Mac OS X 10.15)
     Expected in: /usr/lib/libSystem.B.dylib
    
    dyld: Symbol not found: ____chkstk_darwin
     Referenced from: /usr/local/bin/pandoc (which was built for Mac OS X 10.15)
     Expected in: /usr/lib/libSystem.B.dylib
    
    Error: processing vignette 'using_data_packages_in_r.Rmd.Rmd' failed with diagnostics:
    pandoc document conversion failed with error 6
    --- failed re-building ‘using_data_packages_in_r.Rmd.Rmd’
    
    SUMMARY: processing the following files failed:
     ‘creating_data_packages_in_r.Rmd’ ‘using_data_packages_in_r.Rmd.Rmd’
    
    Error: Vignette re-building failed.
    Execution halted
Flavor: r-patched-osx-x86_64