Last updated on 2020-04-25 01:52:59 CEST.
Flavor | Version | Tinstall | Tcheck | Ttotal | Status | Flags |
---|---|---|---|---|---|---|
r-devel-linux-x86_64-debian-clang | 1.3.2 | 8.23 | 58.76 | 66.99 | OK | |
r-devel-linux-x86_64-debian-gcc | 1.3.2 | 6.54 | 46.51 | 53.05 | OK | |
r-devel-linux-x86_64-fedora-clang | 1.3.2 | 81.79 | OK | |||
r-devel-linux-x86_64-fedora-gcc | 1.3.2 | 82.42 | OK | |||
r-devel-windows-ix86+x86_64 | 1.3.2 | 31.00 | 73.00 | 104.00 | OK | |
r-patched-linux-x86_64 | 1.3.2 | 7.39 | 57.83 | 65.22 | OK | |
r-patched-osx-x86_64 | 1.3.2 | WARN | ||||
r-patched-solaris-x86 | 1.3.2 | 129.60 | OK | |||
r-release-linux-x86_64 | 1.3.2 | 7.00 | 52.63 | 59.63 | OK | |
r-release-windows-ix86+x86_64 | 1.3.2 | 28.00 | 74.00 | 102.00 | OK | |
r-release-osx-x86_64 | 1.3.2 | OK | ||||
r-oldrel-windows-ix86+x86_64 | 1.3.2 | 14.00 | 101.00 | 115.00 | OK | |
r-oldrel-osx-x86_64 | 1.3.2 | OK |
Version: 1.3.2
Check: re-building of vignette outputs
Result: WARN
Error(s) in re-building vignettes:
...
--- re-building ‘datapack-overview.Rmd’ using rmarkdown
dyld: lazy symbol binding failed: Symbol not found: ____chkstk_darwin
Referenced from: /usr/local/bin/pandoc (which was built for Mac OS X 10.15)
Expected in: /usr/lib/libSystem.B.dylib
dyld: Symbol not found: ____chkstk_darwin
Referenced from: /usr/local/bin/pandoc (which was built for Mac OS X 10.15)
Expected in: /usr/lib/libSystem.B.dylib
Error: processing vignette 'datapack-overview.Rmd' failed with diagnostics:
pandoc document conversion failed with error 6
--- failed re-building ‘datapack-overview.Rmd’
SUMMARY: processing the following file failed:
‘datapack-overview.Rmd’
Error: Vignette re-building failed.
Execution halted
Flavor: r-patched-osx-x86_64