CRAN Package Check Results for Package dartR

Last updated on 2020-04-25 01:52:59 CEST.

Flavor Version Tinstall Tcheck Ttotal Status Flags
r-devel-linux-x86_64-debian-clang 1.1.11 36.23 411.70 447.93 OK
r-devel-linux-x86_64-debian-gcc 1.1.11 32.21 308.42 340.63 OK
r-devel-linux-x86_64-fedora-clang 1.1.11 539.85 NOTE
r-devel-linux-x86_64-fedora-gcc 1.1.11 412.79 OK
r-devel-windows-ix86+x86_64 1.1.11 112.00 398.00 510.00 OK
r-patched-linux-x86_64 1.1.11 36.83 402.54 439.37 OK
r-patched-osx-x86_64 1.1.11 ERROR
r-release-linux-x86_64 1.1.11 23.03 364.35 387.38 OK
r-release-windows-ix86+x86_64 1.1.11 111.00 418.00 529.00 OK
r-release-osx-x86_64 1.1.11 WARN
r-oldrel-windows-ix86+x86_64 1.1.11 37.00 537.00 574.00 OK
r-oldrel-osx-x86_64 1.1.11 OK

Check Details

Version: 1.1.11
Check: package dependencies
Result: NOTE
    Imports includes 29 non-default packages.
    Importing from so many packages makes the package vulnerable to any of
    them becoming unavailable. Move as many as possible to Suggests and
    use conditionally.
Flavor: r-devel-linux-x86_64-fedora-clang

Version: 1.1.11
Check: package dependencies
Result: ERROR
    Package required but not available: ‘SNPRelate’
    
    See section ‘The DESCRIPTION file’ in the ‘Writing R Extensions’
    manual.
Flavor: r-patched-osx-x86_64

Version: 1.1.11
Check: whether package can be installed
Result: WARN
    Found the following significant warnings:
     Warning: 'rgl_init' failed, running with rgl.useNULL = TRUE
Flavor: r-release-osx-x86_64

Version: 1.1.11
Check: dependencies in R code
Result: NOTE
    No protocol specified
Flavor: r-release-osx-x86_64

Version: 1.1.11
Check: S3 generic/method consistency
Result: WARN
    No protocol specified
    See section ‘Generic functions and methods’ in the ‘Writing R
    Extensions’ manual.
Flavor: r-release-osx-x86_64

Version: 1.1.11
Check: replacement functions
Result: WARN
    No protocol specified
    The argument of a replacement function which corresponds to the right
    hand side must be named ‘value’.
Flavor: r-release-osx-x86_64

Version: 1.1.11
Check: foreign function calls
Result: NOTE
    No protocol specified
    See chapter ‘System and foreign language interfaces’ in the ‘Writing R
    Extensions’ manual.
Flavor: r-release-osx-x86_64

Version: 1.1.11
Check: R code for possible problems
Result: NOTE
    No protocol specified
Flavor: r-release-osx-x86_64

Version: 1.1.11
Check: for missing documentation entries
Result: WARN
    No protocol specified
    All user-level objects in a package should have documentation entries.
    See chapter ‘Writing R documentation files’ in the ‘Writing R
    Extensions’ manual.
Flavor: r-release-osx-x86_64

Version: 1.1.11
Check: for code/documentation mismatches
Result: WARN
    No protocol specified
    No protocol specified
    No protocol specified
Flavor: r-release-osx-x86_64

Version: 1.1.11
Check: Rd \usage sections
Result: NOTE
    No protocol specified
    The \usage entries for S3 methods should use the \method markup and not
    their full name.
    See chapter ‘Writing R documentation files’ in the ‘Writing R
    Extensions’ manual.
Flavor: r-release-osx-x86_64