CRAN Package Check Results for Package cvms

Last updated on 2020-04-25 01:52:58 CEST.

Flavor Version Tinstall Tcheck Ttotal Status Flags
r-devel-linux-x86_64-debian-clang 1.0.1 15.65 395.47 411.12 OK
r-devel-linux-x86_64-debian-gcc 1.0.1 13.21 303.12 316.33 OK
r-devel-linux-x86_64-fedora-clang 1.0.1 468.63 OK
r-devel-linux-x86_64-fedora-gcc 1.0.1 499.39 OK
r-devel-windows-ix86+x86_64 1.0.1 38.00 520.00 558.00 OK
r-patched-linux-x86_64 1.0.1 16.76 385.46 402.22 OK
r-patched-osx-x86_64 1.0.1 OK
r-patched-solaris-x86 1.0.1 583.00 NOTE
r-release-linux-x86_64 1.0.1 14.21 354.54 368.75 OK
r-release-windows-ix86+x86_64 1.0.1 36.00 485.00 521.00 OK
r-release-osx-x86_64 1.0.1 OK
r-oldrel-windows-ix86+x86_64 1.0.1 18.00 335.00 353.00 OK
r-oldrel-osx-x86_64 0.3.2 OK

Check Details

Version: 1.0.1
Check: package dependencies
Result: NOTE
    Package suggested but not available for checking: ‘rsvg’
Flavor: r-patched-solaris-x86