Last updated on 2020-04-25 01:52:58 CEST.
Flavor | Version | Tinstall | Tcheck | Ttotal | Status | Flags |
---|---|---|---|---|---|---|
r-devel-linux-x86_64-debian-clang | 1.2-1 | 12.41 | 93.07 | 105.48 | OK | |
r-devel-linux-x86_64-debian-gcc | 1.2-1 | 11.71 | 73.37 | 85.08 | OK | |
r-devel-linux-x86_64-fedora-clang | 1.2-1 | 130.36 | OK | |||
r-devel-linux-x86_64-fedora-gcc | 1.2-1 | 129.63 | OK | |||
r-devel-windows-ix86+x86_64 | 1.2-1 | 47.00 | 718.00 | 765.00 | OK | |
r-patched-linux-x86_64 | 1.2-1 | 13.48 | 92.35 | 105.83 | OK | |
r-patched-osx-x86_64 | 1.2-1 | OK | ||||
r-patched-solaris-x86 | 1.2-1 | 214.00 | OK | |||
r-release-linux-x86_64 | 1.2-1 | 11.73 | 85.72 | 97.45 | OK | |
r-release-windows-ix86+x86_64 | 1.2-1 | 36.00 | 633.00 | 669.00 | OK | |
r-release-osx-x86_64 | 1.2-1 | WARN | ||||
r-oldrel-windows-ix86+x86_64 | 1.2-1 | 16.00 | 166.00 | 182.00 | OK | |
r-oldrel-osx-x86_64 | 1.2-1 | OK |
Version: 1.2-1
Check: whether package can be installed
Result: WARN
Found the following significant warnings:
Warning: 'rgl_init' failed, running with rgl.useNULL = TRUE
Flavor: r-release-osx-x86_64