CRAN Package Check Results for Package currentSurvival

Last updated on 2020-04-25 01:52:58 CEST.

Flavor Version Tinstall Tcheck Ttotal Status Flags
r-devel-linux-x86_64-debian-clang 1.0 9.04 66.25 75.29 NOTE
r-devel-linux-x86_64-debian-gcc 1.0 8.46 52.35 60.81 NOTE
r-devel-linux-x86_64-fedora-clang 1.0 90.79 NOTE
r-devel-linux-x86_64-fedora-gcc 1.0 91.04 NOTE
r-devel-windows-ix86+x86_64 1.0 24.00 76.00 100.00 NOTE
r-patched-linux-x86_64 1.0 9.57 64.70 74.27 NOTE
r-patched-osx-x86_64 1.0 NOTE
r-patched-solaris-x86 1.0 136.40 NOTE
r-release-linux-x86_64 1.0 8.24 58.52 66.76 NOTE
r-release-windows-ix86+x86_64 1.0 20.00 72.00 92.00 NOTE
r-release-osx-x86_64 1.0 NOTE
r-oldrel-windows-ix86+x86_64 1.0 9.00 93.00 102.00 NOTE
r-oldrel-osx-x86_64 1.0 NOTE

Check Details

Version: 1.0
Check: R code for possible problems
Result: NOTE
    cci.nostrat: no visible global function definition for 'quantile'
    cci.nostrat: no visible global function definition for 'axis'
    cci.nostrat: no visible global function definition for 'lines'
    cci.nostrat: no visible global function definition for 'legend'
    cci.strat: no visible global function definition for 'axis'
    cci.strat: no visible global function definition for 'lines'
    cci.strat: no visible global function definition for 'legend'
    clfs.nostrat: no visible global function definition for 'quantile'
    clfs.nostrat: no visible global function definition for 'axis'
    clfs.nostrat: no visible global function definition for 'lines'
    clfs.nostrat: no visible global function definition for 'legend'
    clfs.strat: no visible global function definition for 'axis'
    clfs.strat: no visible global function definition for 'lines'
    clfs.strat: no visible global function definition for 'legend'
    pvals.2cat: no visible global function definition for 'pchisq'
    pvals.cat: no visible global function definition for 'pchisq'
    Undefined global functions or variables:
     axis legend lines pchisq quantile
    Consider adding
     importFrom("graphics", "axis", "legend", "lines")
     importFrom("stats", "pchisq", "quantile")
    to your NAMESPACE file.
Flavors: r-devel-linux-x86_64-debian-clang, r-devel-linux-x86_64-debian-gcc, r-devel-linux-x86_64-fedora-clang, r-devel-linux-x86_64-fedora-gcc, r-devel-windows-ix86+x86_64, r-patched-linux-x86_64, r-patched-osx-x86_64, r-patched-solaris-x86

Version: 1.0
Check: R code for possible problems
Result: NOTE
    cci.nostrat: no visible global function definition for ‘quantile’
    cci.nostrat: no visible global function definition for ‘plot’
    cci.nostrat: no visible global function definition for ‘axis’
    cci.nostrat: no visible global function definition for ‘lines’
    cci.nostrat: no visible global function definition for ‘legend’
    cci.strat: no visible global function definition for ‘plot’
    cci.strat: no visible global function definition for ‘axis’
    cci.strat: no visible global function definition for ‘lines’
    cci.strat: no visible global function definition for ‘legend’
    clfs.nostrat: no visible global function definition for ‘quantile’
    clfs.nostrat: no visible global function definition for ‘plot’
    clfs.nostrat: no visible global function definition for ‘axis’
    clfs.nostrat: no visible global function definition for ‘lines’
    clfs.nostrat: no visible global function definition for ‘legend’
    clfs.strat: no visible global function definition for ‘plot’
    clfs.strat: no visible global function definition for ‘axis’
    clfs.strat: no visible global function definition for ‘lines’
    clfs.strat: no visible global function definition for ‘legend’
    pvals.2cat: no visible global function definition for ‘pchisq’
    pvals.cat: no visible global function definition for ‘pchisq’
    Undefined global functions or variables:
     axis legend lines pchisq plot quantile
    Consider adding
     importFrom("graphics", "axis", "legend", "lines", "plot")
     importFrom("stats", "pchisq", "quantile")
    to your NAMESPACE file.
Flavors: r-release-linux-x86_64, r-release-windows-ix86+x86_64, r-release-osx-x86_64, r-oldrel-windows-ix86+x86_64, r-oldrel-osx-x86_64