CRAN Package Check Results for Package cultevo

Last updated on 2020-04-25 01:52:58 CEST.

Flavor Version Tinstall Tcheck Ttotal Status Flags
r-devel-linux-x86_64-debian-clang 1.0.2 3.86 315.64 319.50 OK
r-devel-linux-x86_64-debian-gcc 1.0.2 3.08 238.18 241.26 OK
r-devel-linux-x86_64-fedora-clang 1.0.2 369.73 OK
r-devel-linux-x86_64-fedora-gcc 1.0.2 369.42 OK
r-devel-windows-ix86+x86_64 1.0.2 20.00 293.00 313.00 OK
r-patched-linux-x86_64 1.0.2 3.04 312.64 315.68 OK
r-patched-osx-x86_64 1.0.2 WARN
r-patched-solaris-x86 1.0.2 711.30 OK
r-release-linux-x86_64 1.0.2 3.49 286.87 290.36 OK
r-release-windows-ix86+x86_64 1.0.2 11.00 294.00 305.00 OK
r-release-osx-x86_64 1.0.2 NOTE
r-oldrel-windows-ix86+x86_64 1.0.2 5.00 75.00 80.00 OK
r-oldrel-osx-x86_64 1.0.2 NOTE

Check Details

Version: 1.0.2
Check: dependencies in R code
Result: NOTE
    Namespace in Imports field not imported from: ‘pspearman’
     All declared Imports should be used.
Flavors: r-patched-osx-x86_64, r-release-osx-x86_64, r-oldrel-osx-x86_64

Version: 1.0.2
Check: re-building of vignette outputs
Result: WARN
    Error(s) in re-building vignettes:
     ...
    --- re-building ‘page.test.Rmd’ using rmarkdown
    dyld: lazy symbol binding failed: Symbol not found: ____chkstk_darwin
     Referenced from: /usr/local/bin/pandoc (which was built for Mac OS X 10.15)
     Expected in: /usr/lib/libSystem.B.dylib
    
    dyld: Symbol not found: ____chkstk_darwin
     Referenced from: /usr/local/bin/pandoc (which was built for Mac OS X 10.15)
     Expected in: /usr/lib/libSystem.B.dylib
    
    Error: processing vignette 'page.test.Rmd' failed with diagnostics:
    pandoc document conversion failed with error 6
    --- failed re-building ‘page.test.Rmd’
    
    SUMMARY: processing the following file failed:
     ‘page.test.Rmd’
    
    Error: Vignette re-building failed.
    Execution halted
Flavor: r-patched-osx-x86_64