CRAN Package Check Results for Package ctmm

Last updated on 2020-04-25 01:52:58 CEST.

Flavor Version Tinstall Tcheck Ttotal Status Flags
r-devel-linux-x86_64-debian-clang 0.5.9 32.35 289.65 322.00 OK --no-vignettes
r-devel-linux-x86_64-debian-gcc 0.5.9 27.51 226.10 253.61 OK --no-vignettes
r-devel-linux-x86_64-fedora-clang 0.5.9 381.75 OK --no-vignettes
r-devel-linux-x86_64-fedora-gcc 0.5.9 397.90 OK --no-vignettes
r-devel-windows-ix86+x86_64 0.5.9 315.00 1034.00 1349.00 OK --no-vignettes
r-patched-linux-x86_64 0.5.9 32.25 285.43 317.68 OK --no-vignettes
r-patched-osx-x86_64 0.5.9 FAIL
r-patched-solaris-x86 0.5.9 534.30 OK --no-vignettes
r-release-linux-x86_64 0.5.9 25.68 259.24 284.92 OK --no-vignettes
r-release-windows-ix86+x86_64 0.5.9 729.00 496.00 1225.00 OK --no-vignettes
r-release-osx-x86_64 0.5.9 FAIL
r-oldrel-windows-ix86+x86_64 0.5.9 187.00 873.00 1060.00 OK --no-vignettes
r-oldrel-osx-x86_64 0.5.9 FAIL

Check Details

Version: 0.5.9
Check: re-building of vignette outputs
Result: WARN
    Error(s) in re-building vignettes:
     ...
    --- re-building ‘akde.Rmd’ using rmarkdown
    --- finished re-building ‘akde.Rmd’
    
    --- re-building ‘error.Rmd’ using rmarkdown
    --- finished re-building ‘error.Rmd’
    
    --- re-building ‘periodogram.Rmd’ using rmarkdown
    --- finished re-building ‘periodogram.Rmd’
    
    --- re-building ‘variogram.Rmd’ using rmarkdown
    
    Execution halted
    SUMMARY: processing the following file failed:
     ‘variogram.Rmd’
    
    Error: Vignette re-building failed.
    Execution halted
Flavor: r-patched-osx-x86_64

Version: 0.5.9
Check: PDF version of manual
Result: FAIL
Flavors: r-patched-osx-x86_64, r-oldrel-osx-x86_64

Version: 0.5.9
Check: re-building of vignette outputs
Result: FAIL
Flavor: r-release-osx-x86_64

Version: 0.5.9
Check: re-building of vignette outputs
Result: WARN
    Error in re-building vignettes:
     ...
    Warning in engine$weave(file, quiet = quiet, encoding = enc) :
     Pandoc (>= 1.12.3) and/or pandoc-citeproc not available. Falling back to R Markdown v1.
    Warning in engine$weave(file, quiet = quiet, encoding = enc) :
     Pandoc (>= 1.12.3) and/or pandoc-citeproc not available. Falling back to R Markdown v1.
    
    
    Execution halted
Flavor: r-oldrel-osx-x86_64