CRAN Package Check Results for Package crskdiag

Last updated on 2020-04-25 01:52:58 CEST.

Flavor Version Tinstall Tcheck Ttotal Status Flags
r-devel-linux-x86_64-debian-clang 1.0.1 13.27 67.24 80.51 OK
r-devel-linux-x86_64-debian-gcc 1.0.1 9.54 54.29 63.83 OK
r-devel-linux-x86_64-fedora-clang 1.0.1 100.09 NOTE
r-devel-linux-x86_64-fedora-gcc 1.0.1 96.10 NOTE
r-devel-windows-ix86+x86_64 1.0.1 36.00 111.00 147.00 OK
r-patched-linux-x86_64 1.0.1 9.67 65.84 75.51 OK
r-patched-osx-x86_64 1.0.1 OK
r-patched-solaris-x86 1.0.1 173.30 OK
r-release-linux-x86_64 1.0.1 10.17 61.03 71.20 OK
r-release-windows-ix86+x86_64 1.0.1 31.00 104.00 135.00 OK
r-release-osx-x86_64 1.0.1 OK
r-oldrel-windows-ix86+x86_64 1.0.1 17.00 126.00 143.00 OK
r-oldrel-osx-x86_64 1.0.1 OK

Check Details

Version: 1.0.1
Check: compiled code
Result: NOTE
    File ‘crskdiag/libs/crskdiag.so’:
     Found no calls to: ‘R_registerRoutines’, ‘R_useDynamicSymbols’
    
    It is good practice to register native routines and to disable symbol
    search.
    
    See ‘Writing portable packages’ in the ‘Writing R Extensions’ manual.
Flavors: r-devel-linux-x86_64-fedora-clang, r-devel-linux-x86_64-fedora-gcc