CRAN Package Check Results for Package crqanlp

Last updated on 2020-04-25 01:52:58 CEST.

Flavor Version Tinstall Tcheck Ttotal Status Flags
r-devel-linux-x86_64-debian-clang 0.3 11.01 106.87 117.88 OK
r-devel-linux-x86_64-debian-gcc 0.3 9.85 82.74 92.59 OK
r-devel-linux-x86_64-fedora-clang 0.3 142.74 OK
r-devel-linux-x86_64-fedora-gcc 0.3 147.06 OK
r-devel-windows-ix86+x86_64 0.3 45.00 125.00 170.00 ERROR
r-patched-linux-x86_64 0.3 9.82 103.10 112.92 OK
r-patched-osx-x86_64 0.3 ERROR
r-patched-solaris-x86 0.3 209.80 OK
r-release-linux-x86_64 0.3 9.05 92.28 101.33 OK
r-release-windows-ix86+x86_64 0.3 35.00 111.00 146.00 OK
r-release-osx-x86_64 0.3 OK
r-oldrel-windows-ix86+x86_64 0.3 10.00 109.00 119.00 OK
r-oldrel-osx-x86_64 0.3 WARN

Check Details

Version: 0.3
Check: examples
Result: ERROR
    Running examples in 'crqanlp-Ex.R' failed
    The error most likely occurred in:
    
    > ### Name: get_text_series
    > ### Title: Get a text series
    > ### Aliases: get_text_series
    > ### Keywords: misc
    >
    > ### ** Examples
    >
    >
    > ## from a literal string
    > rsrc = "here is a raw raw raw string, literally"
    > ts = get_text_series(rsrc,typ='string')
    Warning in tm_map.SimpleCorpus(rawText, tolower) :
     transformation drops documents
    Warning in tm_map.SimpleCorpus(rawText, sentencebreak) :
     transformation drops documents
    Warning in tm_map.SimpleCorpus(rawText, removepunct) :
     transformation drops documents
    Warning in tm_map.SimpleCorpus(rawText, stripWhitespace) :
     transformation drops documents
    > print(ts)
    [1] 1 2 3 4 4 4 5 6
    >
    > ## from tibble
    > library(gutenbergr)
    > ## let's get Alice's Adventures in Wonderland by Carroll
    > # gutenberg_works(author == "Carroll, Lewis")
    > rsrc = gutenberg_download(11) ## take the text
    > ts = get_text_series(rsrc, typ = "tibble", removeStopwords = TRUE)
    Warning in tm_map.SimpleCorpus(rawText, tolower) :
     transformation drops documents
    Warning in tm_map.SimpleCorpus(rawText, sentencebreak) :
     transformation drops documents
    Warning in tm_map.SimpleCorpus(rawText, removepunct) :
     transformation drops documents
    Warning in tm_map.SimpleCorpus(rawText, removeWords, stopwords("english")) :
     transformation drops documents
    Warning in tm_map.SimpleCorpus(rawText, stripWhitespace) :
     transformation drops documents
    > print(ts[1:10])
     [1] 1 2 3 4 5 6 7 8 9 10
    >
    > ## from URL
    > rsrc = "http://www.omegahat.net"
    > ts = get_text_series(rsrc, typ = "url")
    Error in function (type, msg, asError = TRUE) :
     Failed to connect to www.omegahat.net port 80: Timed out
    Calls: get_text_series -> getURL -> curlPerform -> <Anonymous> -> fun
    Execution halted
Flavor: r-devel-windows-ix86+x86_64

Version: 0.3
Check: examples
Result: ERROR
    Running examples in ‘crqanlp-Ex.R’ failed
    The error most likely occurred in:
    
    > ### Name: clean_text
    > ### Title: Clean text
    > ### Aliases: clean_text
    > ### Keywords: misc
    >
    > ### ** Examples
    >
    >
    > library(gutenbergr)
    > ## let's get Alice's Adventures in Wonderland by Carroll
    > # gutenberg_works(author == "Carroll, Lewis")
    > rawText = gutenberg_download(11) ## take the text
    Determining mirror for Project Gutenberg from http://www.gutenberg.org/robot/harvest
    Error in open.connection(con, "rb") :
     Recv failure: Connection reset by peer
    Calls: gutenberg_download ... datasource_connection -> read_connection -> open -> open.connection
    Execution halted
Flavor: r-patched-osx-x86_64

Version: 0.3
Check: examples
Result: WARN
    Found the following significant warnings:
    
     Warning: 'rBind' is deprecated.
    Deprecated functions may be defunct as soon as of the next release of
    R.
    See ?Deprecated.
Flavor: r-oldrel-osx-x86_64