CRAN Package Check Results for Package cregg

Last updated on 2020-04-25 01:52:58 CEST.

Flavor Version Tinstall Tcheck Ttotal Status Flags
r-devel-linux-x86_64-debian-clang 0.3.0 11.46 154.13 165.59 OK
r-devel-linux-x86_64-debian-gcc 0.3.0 8.87 113.49 122.36 OK
r-devel-linux-x86_64-fedora-clang 0.3.0 196.19 OK
r-devel-linux-x86_64-fedora-gcc 0.3.0 195.85 OK
r-devel-windows-ix86+x86_64 0.3.0 36.00 155.00 191.00 OK
r-patched-linux-x86_64 0.3.0 10.39 143.69 154.08 OK
r-patched-osx-x86_64 0.3.0 WARN
r-patched-solaris-x86 0.3.0 286.30 OK
r-release-linux-x86_64 0.3.0 9.20 135.52 144.72 OK
r-release-windows-ix86+x86_64 0.3.0 28.00 152.00 180.00 OK
r-release-osx-x86_64 0.3.0 OK
r-oldrel-windows-ix86+x86_64 0.3.0 13.00 202.00 215.00 OK
r-oldrel-osx-x86_64 0.3.0 OK

Check Details

Version: 0.3.0
Check: re-building of vignette outputs
Result: WARN
    Error(s) in re-building vignettes:
     ...
    --- re-building ‘Introduction.Rmd’ using rmarkdown
    Warning: code chunks must not depend on the uncached chunk "conditional_mms"
    Warning: code chunks must not depend on the uncached chunk "conditional_amces"
    Warning: Removed 9 rows containing missing values (position_stack).
    dyld: lazy symbol binding failed: Symbol not found: ____chkstk_darwin
     Referenced from: /usr/local/bin/pandoc (which was built for Mac OS X 10.15)
     Expected in: /usr/lib/libSystem.B.dylib
    
    dyld: Symbol not found: ____chkstk_darwin
     Referenced from: /usr/local/bin/pandoc (which was built for Mac OS X 10.15)
     Expected in: /usr/lib/libSystem.B.dylib
    
    Error: processing vignette 'Introduction.Rmd' failed with diagnostics:
    pandoc document conversion failed with error 6
    --- failed re-building ‘Introduction.Rmd’
    
    SUMMARY: processing the following file failed:
     ‘Introduction.Rmd’
    
    Error: Vignette re-building failed.
    Execution halted
Flavor: r-patched-osx-x86_64