CRAN Package Check Results for Package cpr

Last updated on 2020-04-25 01:52:58 CEST.

Flavor Version Tinstall Tcheck Ttotal Status Flags
r-devel-linux-x86_64-debian-clang 0.2.3 93.74 84.11 177.85 OK
r-devel-linux-x86_64-debian-gcc 0.2.3 62.70 64.97 127.67 OK
r-devel-linux-x86_64-fedora-clang 0.2.3 242.00 OK
r-devel-linux-x86_64-fedora-gcc 0.2.3 227.03 OK
r-devel-windows-ix86+x86_64 0.2.3 257.00 156.00 413.00 OK
r-patched-linux-x86_64 0.2.3 74.73 80.59 155.32 OK
r-patched-osx-x86_64 0.2.3 WARN
r-patched-solaris-x86 0.2.3 268.30 OK
r-release-linux-x86_64 0.2.3 72.96 76.21 149.17 OK
r-release-windows-ix86+x86_64 0.2.3 239.00 186.00 425.00 OK
r-release-osx-x86_64 0.2.3 OK
r-oldrel-windows-ix86+x86_64 0.2.3 149.00 141.00 290.00 OK
r-oldrel-osx-x86_64 0.2.3 OK

Check Details

Version: 0.2.3
Check: re-building of vignette outputs
Result: WARN
    Error(s) in re-building vignettes:
     ...
    --- re-building ‘cpr-pkg.Rmd’ using rmarkdown
    dyld: lazy symbol binding failed: Symbol not found: ____chkstk_darwin
     Referenced from: /usr/local/bin/pandoc (which was built for Mac OS X 10.15)
     Expected in: /usr/lib/libSystem.B.dylib
    
    dyld: Symbol not found: ____chkstk_darwin
     Referenced from: /usr/local/bin/pandoc (which was built for Mac OS X 10.15)
     Expected in: /usr/lib/libSystem.B.dylib
    
    Error: processing vignette 'cpr-pkg.Rmd' failed with diagnostics:
    pandoc document conversion failed with error 6
    --- failed re-building ‘cpr-pkg.Rmd’
    
    SUMMARY: processing the following file failed:
     ‘cpr-pkg.Rmd’
    
    Error: Vignette re-building failed.
    Execution halted
Flavor: r-patched-osx-x86_64