CRAN Package Check Results for Package cplexAPI

Last updated on 2020-04-25 01:52:58 CEST.

Flavor Version Tinstall Tcheck Ttotal Status Flags
r-devel-linux-x86_64-debian-clang 1.3.6 8.38 53.85 62.23 OK --no-examples --no-tests --no-vignettes
r-devel-linux-x86_64-debian-gcc 1.3.6 5.91 42.54 48.45 OK --no-examples --no-tests --no-vignettes
r-devel-windows-ix86+x86_64 1.3.6 2.00 7.00 9.00 ERROR
r-patched-linux-x86_64 1.3.6 7.20 53.11 60.31 OK --no-examples --no-tests --no-vignettes
r-patched-osx-x86_64 1.3.6 ERROR
r-release-linux-x86_64 1.3.6 5.68 50.06 55.74 OK --no-examples --no-tests --no-vignettes
r-release-osx-x86_64 1.3.6 ERROR
r-oldrel-windows-ix86+x86_64 1.3.3 2.00 4.00 6.00 ERROR
r-oldrel-osx-x86_64 1.3.6 ERROR

Check Details

Version: 1.3.6
Check: whether package can be installed
Result: ERROR
    Installation failed.
Flavors: r-devel-windows-ix86+x86_64, r-patched-osx-x86_64, r-release-osx-x86_64, r-oldrel-osx-x86_64

Version: 1.3.3
Check: whether package can be installed
Result: ERROR
    Installation failed.
Flavor: r-oldrel-windows-ix86+x86_64