Last updated on 2020-04-25 01:52:58 CEST.
Flavor | Version | Tinstall | Tcheck | Ttotal | Status | Flags |
---|---|---|---|---|---|---|
r-devel-linux-x86_64-debian-clang | 0.1.4 | 183.27 | 29.57 | 212.84 | OK | |
r-devel-linux-x86_64-debian-gcc | 0.1.4 | 116.39 | 23.29 | 139.68 | OK | |
r-devel-linux-x86_64-fedora-clang | 0.1.4 | 300.47 | NOTE | |||
r-devel-linux-x86_64-fedora-gcc | 0.1.4 | 280.26 | OK | |||
r-devel-windows-ix86+x86_64 | 0.1.4 | 464.00 | 64.00 | 528.00 | OK | |
r-patched-linux-x86_64 | 0.1.4 | 141.91 | 28.53 | 170.44 | OK | |
r-patched-osx-x86_64 | 0.1.4 | OK | ||||
r-patched-solaris-x86 | 0.1.4 | 233.70 | OK | |||
r-release-linux-x86_64 | 0.1.4 | 146.91 | 27.03 | 173.94 | OK | |
r-release-windows-ix86+x86_64 | 0.1.4 | 432.00 | 60.00 | 492.00 | OK | |
r-release-osx-x86_64 | 0.1.4 | OK | ||||
r-oldrel-windows-ix86+x86_64 | 0.1.4 | 309.00 | 58.00 | 367.00 | OK | |
r-oldrel-osx-x86_64 | 0.1.4 | OK |
Version: 0.1.4
Check: installed package size
Result: NOTE
installed size is 5.9Mb
sub-directories of 1Mb or more:
libs 5.7Mb
Flavor: r-devel-linux-x86_64-fedora-clang