CRAN Package Check Results for Package countyweather

Last updated on 2020-04-25 01:52:58 CEST.

Flavor Version Tinstall Tcheck Ttotal Status Flags
r-devel-linux-x86_64-debian-clang 0.1.0 6.40 63.21 69.61 OK
r-devel-linux-x86_64-debian-gcc 0.1.0 5.18 49.24 54.42 OK
r-devel-linux-x86_64-fedora-clang 0.1.0 86.49 NOTE
r-devel-linux-x86_64-fedora-gcc 0.1.0 85.88 NOTE
r-devel-windows-ix86+x86_64 0.1.0 25.00 75.00 100.00 OK
r-patched-linux-x86_64 0.1.0 6.06 61.13 67.19 OK
r-patched-osx-x86_64 0.1.0 WARN
r-patched-solaris-x86 0.1.0 129.20 NOTE
r-release-linux-x86_64 0.1.0 5.84 56.62 62.46 OK
r-release-windows-ix86+x86_64 0.1.0 17.00 105.00 122.00 OK
r-release-osx-x86_64 0.1.0 NOTE
r-oldrel-windows-ix86+x86_64 0.1.0 6.00 67.00 73.00 OK
r-oldrel-osx-x86_64 0.1.0 NOTE

Check Details

Version: 0.1.0
Check: data for non-ASCII characters
Result: NOTE
     Note: found 1 marked UTF-8 string
Flavors: r-devel-linux-x86_64-fedora-clang, r-devel-linux-x86_64-fedora-gcc, r-patched-osx-x86_64, r-patched-solaris-x86, r-release-osx-x86_64, r-oldrel-osx-x86_64

Version: 0.1.0
Check: re-building of vignette outputs
Result: WARN
    Error(s) in re-building vignettes:
    --- re-building ‘countyweather.Rmd’ using rmarkdown
    
    Attaching package: 'dplyr'
    
    The following objects are masked from 'package:stats':
    
     filter, lag
    
    The following objects are masked from 'package:base':
    
     intersect, setdiff, setequal, union
    
    
    Attaching package: 'lubridate'
    
    The following object is masked from 'package:base':
    
     date
    
    dyld: lazy symbol binding failed: Symbol not found: ____chkstk_darwin
     Referenced from: /usr/local/bin/pandoc (which was built for Mac OS X 10.15)
     Expected in: /usr/lib/libSystem.B.dylib
    
    dyld: Symbol not found: ____chkstk_darwin
     Referenced from: /usr/local/bin/pandoc (which was built for Mac OS X 10.15)
     Expected in: /usr/lib/libSystem.B.dylib
    
    Error: processing vignette 'countyweather.Rmd' failed with diagnostics:
    pandoc document conversion failed with error 6
    --- failed re-building ‘countyweather.Rmd’
    
    SUMMARY: processing the following file failed:
     ‘countyweather.Rmd’
    
    Error: Vignette re-building failed.
    Execution halted
Flavor: r-patched-osx-x86_64