CRAN Package Check Results for Package countrycode

Last updated on 2020-04-25 01:52:58 CEST.

Flavor Version Tinstall Tcheck Ttotal Status Flags
r-devel-linux-x86_64-debian-clang 1.1.2 4.36 42.23 46.59 OK
r-devel-linux-x86_64-debian-gcc 1.1.2 4.09 32.19 36.28 OK
r-devel-linux-x86_64-fedora-clang 1.1.2 62.22 NOTE
r-devel-linux-x86_64-fedora-gcc 1.1.2 60.45 NOTE
r-devel-windows-ix86+x86_64 1.1.1 10.00 89.00 99.00 OK
r-patched-linux-x86_64 1.1.2 4.96 41.46 46.42 OK
r-patched-osx-x86_64 1.1.1 NOTE
r-patched-solaris-x86 1.1.2 87.10 NOTE
r-release-linux-x86_64 1.1.2 4.29 38.23 42.52 OK
r-release-windows-ix86+x86_64 1.1.2 9.00 114.00 123.00 OK
r-release-osx-x86_64 1.1.2 NOTE
r-oldrel-windows-ix86+x86_64 1.1.2 5.00 87.00 92.00 OK
r-oldrel-osx-x86_64 1.1.1 NOTE

Check Details

Version: 1.1.2
Check: data for non-ASCII characters
Result: NOTE
     Note: found 190294 marked UTF-8 strings
Flavors: r-devel-linux-x86_64-fedora-clang, r-devel-linux-x86_64-fedora-gcc, r-patched-solaris-x86, r-release-osx-x86_64

Version: 1.1.1
Check: data for non-ASCII characters
Result: NOTE
     Note: found 190294 marked UTF-8 strings
Flavors: r-patched-osx-x86_64, r-oldrel-osx-x86_64