CRAN Package Check Results for Package copula

Last updated on 2020-04-25 01:52:58 CEST.

Flavor Version Tinstall Tcheck Ttotal Status Flags
r-devel-linux-x86_64-debian-clang 0.999-20 48.22 1089.09 1137.31 OK
r-devel-linux-x86_64-debian-gcc 0.999-20 43.89 777.10 820.99 OK
r-devel-linux-x86_64-fedora-clang 0.999-20 1327.76 NOTE
r-devel-linux-x86_64-fedora-gcc 0.999-20 1355.06 OK
r-devel-windows-ix86+x86_64 0.999-20 116.00 1005.00 1121.00 NOTE --no-vignettes
r-patched-linux-x86_64 0.999-20 50.05 1061.29 1111.34 OK
r-patched-osx-x86_64 0.999-20 NOTE
r-patched-solaris-x86 0.999-20 1777.00 NOTE
r-release-linux-x86_64 0.999-20 43.15 967.25 1010.40 OK
r-release-windows-ix86+x86_64 0.999-20 112.00 698.00 810.00 NOTE --no-vignettes
r-release-osx-x86_64 0.999-20 NOTE
r-oldrel-windows-ix86+x86_64 0.999-20 70.00 868.00 938.00 NOTE --no-vignettes
r-oldrel-osx-x86_64 0.999-20 NOTE

Check Details

Version: 0.999-20
Check: installed package size
Result: NOTE
     installed size is 9.4Mb
     sub-directories of 1Mb or more:
     R 2.1Mb
     doc 5.0Mb
Flavors: r-devel-linux-x86_64-fedora-clang, r-patched-osx-x86_64, r-patched-solaris-x86, r-release-osx-x86_64, r-oldrel-osx-x86_64

Version: 0.999-20
Flags: --no-vignettes
Check: installed package size
Result: NOTE
     installed size is 9.1Mb
     sub-directories of 1Mb or more:
     R 2.1Mb
     doc 5.0Mb
Flavors: r-devel-windows-ix86+x86_64, r-release-windows-ix86+x86_64, r-oldrel-windows-ix86+x86_64