CRAN Package Check Results for Package cops

Last updated on 2020-04-25 01:52:58 CEST.

Flavor Version Tinstall Tcheck Ttotal Status Flags
r-devel-linux-x86_64-debian-clang 1.0-2 19.29 150.05 169.34 OK
r-devel-linux-x86_64-debian-gcc 1.0-2 16.25 113.44 129.69 OK
r-devel-linux-x86_64-fedora-clang 1.0-2 214.05 OK
r-devel-linux-x86_64-fedora-gcc 1.0-2 204.88 OK
r-devel-windows-ix86+x86_64 1.0-2 88.00 169.00 257.00 OK
r-patched-linux-x86_64 1.0-2 18.79 142.16 160.95 OK
r-patched-osx-x86_64 1.0-2 OK
r-patched-solaris-x86 1.0-2 288.80 OK
r-release-linux-x86_64 1.0-2 13.56 126.98 140.54 OK
r-release-windows-ix86+x86_64 1.0-2 59.00 147.00 206.00 OK
r-release-osx-x86_64 1.0-2 WARN
r-oldrel-windows-ix86+x86_64 1.0-2 23.00 238.00 261.00 OK
r-oldrel-osx-x86_64 1.0-2 WARN

Check Details

Version: 1.0-2
Check: whether package can be installed
Result: WARN
    Found the following significant warnings:
     Warning: 'rgl_init' failed, running with rgl.useNULL = TRUE
Flavors: r-release-osx-x86_64, r-oldrel-osx-x86_64

Version: 1.0-2
Check: dependencies in R code
Result: NOTE
    No protocol specified
Flavors: r-release-osx-x86_64, r-oldrel-osx-x86_64

Version: 1.0-2
Check: S3 generic/method consistency
Result: WARN
    No protocol specified
    See section ‘Generic functions and methods’ in the ‘Writing R
    Extensions’ manual.
Flavors: r-release-osx-x86_64, r-oldrel-osx-x86_64

Version: 1.0-2
Check: replacement functions
Result: WARN
    No protocol specified
    The argument of a replacement function which corresponds to the right
    hand side must be named ‘value’.
Flavors: r-release-osx-x86_64, r-oldrel-osx-x86_64

Version: 1.0-2
Check: foreign function calls
Result: NOTE
    No protocol specified
    See chapter ‘System and foreign language interfaces’ in the ‘Writing R
    Extensions’ manual.
Flavors: r-release-osx-x86_64, r-oldrel-osx-x86_64

Version: 1.0-2
Check: R code for possible problems
Result: NOTE
    No protocol specified
Flavors: r-release-osx-x86_64, r-oldrel-osx-x86_64

Version: 1.0-2
Check: for missing documentation entries
Result: WARN
    No protocol specified
    All user-level objects in a package should have documentation entries.
    See chapter ‘Writing R documentation files’ in the ‘Writing R
    Extensions’ manual.
Flavors: r-release-osx-x86_64, r-oldrel-osx-x86_64

Version: 1.0-2
Check: for code/documentation mismatches
Result: WARN
    No protocol specified
    No protocol specified
    No protocol specified
Flavors: r-release-osx-x86_64, r-oldrel-osx-x86_64

Version: 1.0-2
Check: Rd \usage sections
Result: NOTE
    No protocol specified
    The \usage entries for S3 methods should use the \method markup and not
    their full name.
    See chapter ‘Writing R documentation files’ in the ‘Writing R
    Extensions’ manual.
Flavors: r-release-osx-x86_64, r-oldrel-osx-x86_64