CRAN Package Check Results for Package contrast

Last updated on 2020-04-25 01:52:58 CEST.

Flavor Version Tinstall Tcheck Ttotal Status Flags
r-devel-linux-x86_64-debian-clang 0.22 12.05 109.88 121.93 OK
r-devel-linux-x86_64-debian-gcc 0.22 10.88 84.55 95.43 OK
r-devel-linux-x86_64-fedora-clang 0.22 148.83 OK
r-devel-linux-x86_64-fedora-gcc 0.22 152.52 OK
r-devel-windows-ix86+x86_64 0.22 58.00 121.00 179.00 OK
r-patched-linux-x86_64 0.22 11.91 105.19 117.10 OK
r-patched-osx-x86_64 0.22 WARN
r-patched-solaris-x86 0.22 224.70 OK
r-release-linux-x86_64 0.22 9.73 94.87 104.60 OK
r-release-windows-ix86+x86_64 0.22 32.00 113.00 145.00 OK
r-release-osx-x86_64 0.22 OK
r-oldrel-windows-ix86+x86_64 0.22 13.00 183.00 196.00 OK
r-oldrel-osx-x86_64 0.22 OK

Check Details

Version: 0.22
Check: re-building of vignette outputs
Result: WARN
    Error(s) in re-building vignettes:
     ...
    --- re-building ‘contrast.Rmd’ using rmarkdown
    dyld: lazy symbol binding failed: Symbol not found: ____chkstk_darwin
     Referenced from: /usr/local/bin/pandoc (which was built for Mac OS X 10.15)
     Expected in: /usr/lib/libSystem.B.dylib
    
    dyld: Symbol not found: ____chkstk_darwin
     Referenced from: /usr/local/bin/pandoc (which was built for Mac OS X 10.15)
     Expected in: /usr/lib/libSystem.B.dylib
    
    Error: processing vignette 'contrast.Rmd' failed with diagnostics:
    pandoc document conversion failed with error 6
    --- failed re-building ‘contrast.Rmd’
    
    SUMMARY: processing the following file failed:
     ‘contrast.Rmd’
    
    Error: Vignette re-building failed.
    Execution halted
Flavor: r-patched-osx-x86_64