CRAN Package Check Results for Package condSURV

Last updated on 2020-04-25 01:52:58 CEST.

Flavor Version Tinstall Tcheck Ttotal Status Flags
r-devel-linux-x86_64-debian-clang 2.0.1 12.60 81.91 94.51 OK
r-devel-linux-x86_64-debian-gcc 2.0.1 10.88 64.03 74.91 OK
r-devel-linux-x86_64-fedora-clang 2.0.1 115.29 NOTE
r-devel-linux-x86_64-fedora-gcc 2.0.1 113.55 NOTE
r-devel-windows-ix86+x86_64 2.0.1 33.00 127.00 160.00 OK
r-patched-linux-x86_64 2.0.1 11.11 80.00 91.11 OK
r-patched-osx-x86_64 2.0.1 OK
r-patched-solaris-x86 2.0.1 168.70 OK
r-release-linux-x86_64 2.0.1 8.98 70.89 79.87 OK
r-release-windows-ix86+x86_64 2.0.1 33.00 112.00 145.00 OK
r-release-osx-x86_64 2.0.1 OK
r-oldrel-windows-ix86+x86_64 2.0.1 14.00 147.00 161.00 OK
r-oldrel-osx-x86_64 2.0.1 OK

Additional issues

clang-UBSAN gcc-UBSAN

Check Details

Version: 2.0.1
Check: compiled code
Result: NOTE
    File ‘condSURV/libs/condSURV.so’:
     Found no calls to: ‘R_registerRoutines’, ‘R_useDynamicSymbols’
    
    It is good practice to register native routines and to disable symbol
    search.
    
    See ‘Writing portable packages’ in the ‘Writing R Extensions’ manual.
Flavors: r-devel-linux-x86_64-fedora-clang, r-devel-linux-x86_64-fedora-gcc