CRAN Package Check Results for Package colt

Last updated on 2020-04-25 01:52:58 CEST.

Flavor Version Tinstall Tcheck Ttotal Status Flags
r-devel-linux-x86_64-debian-clang 0.1.1 2.10 20.71 22.81 OK
r-devel-linux-x86_64-debian-gcc 0.1.1 1.59 16.58 18.17 OK
r-devel-linux-x86_64-fedora-clang 0.1.1 28.91 NOTE
r-devel-linux-x86_64-fedora-gcc 0.1.1 27.89 NOTE
r-devel-windows-ix86+x86_64 0.1.1 8.00 33.00 41.00 OK
r-patched-linux-x86_64 0.1.1 2.03 20.32 22.35 OK
r-patched-osx-x86_64 0.1.1 NOTE
r-patched-solaris-x86 0.1.1 45.40 NOTE
r-release-linux-x86_64 0.1.1 1.42 19.21 20.63 OK
r-release-windows-ix86+x86_64 0.1.1 6.00 30.00 36.00 OK
r-release-osx-x86_64 0.1.1 NOTE
r-oldrel-windows-ix86+x86_64 0.1.1 2.00 48.00 50.00 OK
r-oldrel-osx-x86_64 0.1.1 NOTE

Check Details

Version: 0.1.1
Check: dependencies in R code
Result: NOTE
    Namespace in Imports field not imported from: ‘crayon’
     All declared Imports should be used.
Flavors: r-devel-linux-x86_64-fedora-clang, r-devel-linux-x86_64-fedora-gcc, r-patched-osx-x86_64, r-patched-solaris-x86, r-release-osx-x86_64, r-oldrel-osx-x86_64