CRAN Package Check Results for Package colourvalues

Last updated on 2020-04-25 01:52:58 CEST.

Flavor Version Tinstall Tcheck Ttotal Status Flags
r-devel-linux-x86_64-debian-clang 0.3.4 104.77 31.16 135.93 OK
r-devel-linux-x86_64-debian-gcc 0.3.4 101.50 24.61 126.11 OK
r-devel-linux-x86_64-fedora-clang 0.3.4 187.31 NOTE
r-devel-linux-x86_64-fedora-gcc 0.3.4 260.78 OK
r-devel-windows-ix86+x86_64 0.3.4 242.00 78.00 320.00 NOTE
r-patched-linux-x86_64 0.3.4 125.16 30.80 155.96 OK
r-patched-osx-x86_64 0.3.4 NOTE
r-patched-solaris-x86 0.3.4 173.20 OK
r-release-linux-x86_64 0.3.4 126.09 28.64 154.73 OK
r-release-windows-ix86+x86_64 0.3.4 253.00 71.00 324.00 OK
r-release-osx-x86_64 0.3.4 NOTE
r-oldrel-windows-ix86+x86_64 0.3.4 173.00 103.00 276.00 OK
r-oldrel-osx-x86_64 0.3.4 NOTE

Check Details

Version: 0.3.4
Check: installed package size
Result: NOTE
     installed size is 9.4Mb
     sub-directories of 1Mb or more:
     libs 8.2Mb
Flavors: r-devel-linux-x86_64-fedora-clang, r-devel-windows-ix86+x86_64, r-patched-osx-x86_64, r-release-osx-x86_64, r-oldrel-osx-x86_64