CRAN Package Check Results for Package colourlovers

Last updated on 2020-04-25 01:52:58 CEST.

Flavor Version Tinstall Tcheck Ttotal Status Flags
r-devel-linux-x86_64-debian-clang 0.3.5 4.01 32.25 36.26 ERROR
r-devel-linux-x86_64-debian-gcc 0.3.5 3.05 32.25 35.30 OK
r-devel-linux-x86_64-fedora-clang 0.3.5 54.38 OK
r-devel-linux-x86_64-fedora-gcc 0.3.5 53.47 OK
r-devel-windows-ix86+x86_64 0.3.5 16.00 53.00 69.00 OK
r-patched-linux-x86_64 0.3.5 4.27 40.44 44.71 OK
r-patched-osx-x86_64 0.3.5 OK
r-patched-solaris-x86 0.3.5 76.60 OK
r-release-linux-x86_64 0.3.5 3.47 37.37 40.84 OK
r-release-windows-ix86+x86_64 0.3.5 8.00 51.00 59.00 OK
r-release-osx-x86_64 0.3.5 OK
r-oldrel-windows-ix86+x86_64 0.3.5 4.00 79.00 83.00 OK
r-oldrel-osx-x86_64 0.3.5 OK

Check Details

Version: 0.3.5
Check: package dependencies
Result: NOTE
    Package suggested but not available for checking: 'vdiffr'
Flavor: r-devel-linux-x86_64-debian-clang

Version: 0.3.5
Check: tests
Result: ERROR
     Running 'test-all.R' [2s/2s]
    Running the tests in 'tests/test-all.R' failed.
    Complete output:
     > library("testthat")
     > test_check("colourlovers")
     Loading required package: colourlovers
     Error in library(vdiffr) : there is no package called 'vdiffr'
     Calls: test_check ... source_dir -> lapply -> FUN -> eval -> eval -> library
     Execution halted
Flavor: r-devel-linux-x86_64-debian-clang