CRAN Package Check Results for Package colordistance

Last updated on 2020-04-25 01:52:58 CEST.

Flavor Version Tinstall Tcheck Ttotal Status Flags
r-devel-linux-x86_64-debian-clang 1.1.0 4.54 127.83 132.37 NOTE
r-devel-linux-x86_64-debian-gcc 1.1.0 3.31 97.82 101.13 NOTE
r-devel-linux-x86_64-fedora-clang 1.1.0 159.59 NOTE
r-devel-linux-x86_64-fedora-gcc 1.1.0 158.69 NOTE
r-devel-windows-ix86+x86_64 1.1.0 13.00 139.00 152.00 OK
r-patched-linux-x86_64 1.1.0 4.75 126.10 130.85 NOTE
r-patched-osx-x86_64 1.1.0 WARN
r-patched-solaris-x86 1.1.0 232.20 NOTE
r-release-linux-x86_64 1.1.0 3.98 116.69 120.67 OK
r-release-windows-ix86+x86_64 1.1.0 10.00 129.00 139.00 OK
r-release-osx-x86_64 1.1.0 NOTE
r-oldrel-windows-ix86+x86_64 1.1.0 6.00 217.00 223.00 OK
r-oldrel-osx-x86_64 1.1.0 NOTE

Check Details

Version: 1.1.0
Check: for non-standard things in the check directory
Result: NOTE
    Found the following files/directories:
     'HeliconiusColorTree.newick'
Flavors: r-devel-linux-x86_64-debian-clang, r-devel-linux-x86_64-debian-gcc, r-devel-linux-x86_64-fedora-clang, r-devel-linux-x86_64-fedora-gcc, r-patched-linux-x86_64, r-patched-solaris-x86

Version: 1.1.0
Check: dependencies in R code
Result: NOTE
    Namespace in Imports field not imported from: ‘magrittr’
     All declared Imports should be used.
Flavors: r-devel-linux-x86_64-fedora-clang, r-devel-linux-x86_64-fedora-gcc, r-patched-osx-x86_64, r-patched-solaris-x86, r-release-osx-x86_64, r-oldrel-osx-x86_64

Version: 1.1.0
Check: re-building of vignette outputs
Result: WARN
    Error(s) in re-building vignettes:
    --- re-building ‘binning-methods.Rmd’ using rmarkdown
    dyld: lazy symbol binding failed: Symbol not found: ____chkstk_darwin
     Referenced from: /usr/local/bin/pandoc (which was built for Mac OS X 10.15)
     Expected in: /usr/lib/libSystem.B.dylib
    
    dyld: Symbol not found: ____chkstk_darwin
     Referenced from: /usr/local/bin/pandoc (which was built for Mac OS X 10.15)
     Expected in: /usr/lib/libSystem.B.dylib
    
    Error: processing vignette 'binning-methods.Rmd' failed with diagnostics:
    pandoc document conversion failed with error 6
    --- failed re-building ‘binning-methods.Rmd’
    
    --- re-building ‘color-metrics.Rmd’ using rmarkdown
    dyld: lazy symbol binding failed: Symbol not found: ____chkstk_darwin
     Referenced from: /usr/local/bin/pandoc (which was built for Mac OS X 10.15)
     Expected in: /usr/lib/libSystem.B.dylib
    
    dyld: Symbol not found: ____chkstk_darwin
     Referenced from: /usr/local/bin/pandoc (which was built for Mac OS X 10.15)
     Expected in: /usr/lib/libSystem.B.dylib
    
    Error: processing vignette 'color-metrics.Rmd' failed with diagnostics:
    pandoc document conversion failed with error 6
    --- failed re-building ‘color-metrics.Rmd’
    
    --- re-building ‘color-spaces.Rmd’ using rmarkdown
    dyld: lazy symbol binding failed: Symbol not found: ____chkstk_darwin
     Referenced from: /usr/local/bin/pandoc (which was built for Mac OS X 10.15)
     Expected in: /usr/lib/libSystem.B.dylib
    
    dyld: Symbol not found: ____chkstk_darwin
     Referenced from: /usr/local/bin/pandoc (which was built for Mac OS X 10.15)
     Expected in: /usr/lib/libSystem.B.dylib
    
    Error: processing vignette 'color-spaces.Rmd' failed with diagnostics:
    pandoc document conversion failed with error 6
    --- failed re-building ‘color-spaces.Rmd’
    
    --- re-building ‘colordistance-introduction.Rmd’ using rmarkdown
    dyld: lazy symbol binding failed: Symbol not found: ____chkstk_darwin
     Referenced from: /usr/local/bin/pandoc (which was built for Mac OS X 10.15)
     Expected in: /usr/lib/libSystem.B.dylib
    
    dyld: Symbol not found: ____chkstk_darwin
     Referenced from: /usr/local/bin/pandoc (which was built for Mac OS X 10.15)
     Expected in: /usr/lib/libSystem.B.dylib
    
    Error: processing vignette 'colordistance-introduction.Rmd' failed with diagnostics:
    pandoc document conversion failed with error 6
    --- failed re-building ‘colordistance-introduction.Rmd’
    
    --- re-building ‘lab-analyses.Rmd’ using rmarkdown
    dyld: lazy symbol binding failed: Symbol not found: ____chkstk_darwin
     Referenced from: /usr/local/bin/pandoc (which was built for Mac OS X 10.15)
     Expected in: /usr/lib/libSystem.B.dylib
    
    dyld: Symbol not found: ____chkstk_darwin
     Referenced from: /usr/local/bin/pandoc (which was built for Mac OS X 10.15)
     Expected in: /usr/lib/libSystem.B.dylib
    
    Error: processing vignette 'lab-analyses.Rmd' failed with diagnostics:
    pandoc document conversion failed with error 6
    --- failed re-building ‘lab-analyses.Rmd’
    
    SUMMARY: processing the following files failed:
     ‘binning-methods.Rmd’ ‘color-metrics.Rmd’ ‘color-spaces.Rmd’
     ‘colordistance-introduction.Rmd’ ‘lab-analyses.Rmd’
    
    Error: Vignette re-building failed.
    Execution halted
Flavor: r-patched-osx-x86_64