CRAN Package Check Results for Package cmprsk

Last updated on 2020-04-25 01:52:57 CEST.

Flavor Version Tinstall Tcheck Ttotal Status Flags
r-devel-linux-x86_64-debian-clang 2.2-9 10.22 58.65 68.87 OK
r-devel-linux-x86_64-debian-gcc 2.2-9 7.82 46.60 54.42 OK
r-devel-linux-x86_64-fedora-clang 2.2-9 83.10 NOTE
r-devel-linux-x86_64-fedora-gcc 2.2-9 82.48 NOTE
r-devel-windows-ix86+x86_64 2.2-9 26.00 90.00 116.00 OK
r-patched-linux-x86_64 2.2-9 7.90 58.28 66.18 OK
r-patched-osx-x86_64 2.2-9 OK
r-patched-solaris-x86 2.2-9 130.40 OK
r-release-linux-x86_64 2.2-9 7.75 52.55 60.30 OK
r-release-windows-ix86+x86_64 2.2-9 24.00 82.00 106.00 OK
r-release-osx-x86_64 2.2-9 OK
r-oldrel-windows-ix86+x86_64 2.2-9 15.00 106.00 121.00 OK
r-oldrel-osx-x86_64 2.2-9 OK

Check Details

Version: 2.2-9
Check: compiled code
Result: NOTE
    File ‘cmprsk/libs/cmprsk.so’:
     Found no calls to: ‘R_registerRoutines’, ‘R_useDynamicSymbols’
    
    It is good practice to register native routines and to disable symbol
    search.
    
    See ‘Writing portable packages’ in the ‘Writing R Extensions’ manual.
Flavors: r-devel-linux-x86_64-fedora-clang, r-devel-linux-x86_64-fedora-gcc