CRAN Package Check Results for Package cmenet

Last updated on 2020-04-25 01:52:57 CEST.

Flavor Version Tinstall Tcheck Ttotal Status Flags
r-devel-linux-x86_64-debian-clang 0.1.1 42.34 59.64 101.98 OK
r-devel-linux-x86_64-debian-gcc 0.1.1 28.45 47.21 75.66 OK
r-devel-linux-x86_64-fedora-clang 0.1.1 131.14 NOTE
r-devel-linux-x86_64-fedora-gcc 0.1.1 125.05 NOTE
r-devel-windows-ix86+x86_64 0.1.1 107.00 99.00 206.00 OK
r-patched-linux-x86_64 0.1.1 38.28 59.12 97.40 OK
r-patched-osx-x86_64 0.1.1 NOTE
r-patched-solaris-x86 0.1.1 157.40 NOTE
r-release-linux-x86_64 0.1.1 33.02 53.30 86.32 OK
r-release-windows-ix86+x86_64 0.1.1 99.00 92.00 191.00 OK
r-release-osx-x86_64 0.1.1 NOTE
r-oldrel-windows-ix86+x86_64 0.1.1 65.00 127.00 192.00 OK
r-oldrel-osx-x86_64 0.1.1 NOTE

Check Details

Version: 0.1.1
Check: dependencies in R code
Result: NOTE
    Namespace in Imports field not imported from: ‘MASS’
     All declared Imports should be used.
Flavors: r-devel-linux-x86_64-fedora-clang, r-devel-linux-x86_64-fedora-gcc, r-patched-osx-x86_64, r-patched-solaris-x86, r-release-osx-x86_64, r-oldrel-osx-x86_64