CRAN Package Check Results for Package clv

Last updated on 2020-04-25 01:52:57 CEST.

Flavor Version Tinstall Tcheck Ttotal Status Flags
r-devel-linux-x86_64-debian-clang 0.3-2.2 7.32 31.94 39.26 OK
r-devel-linux-x86_64-debian-gcc 0.3-2.2 4.86 24.75 29.61 OK
r-devel-linux-x86_64-fedora-clang 0.3-2.2 47.28 NOTE
r-devel-linux-x86_64-fedora-gcc 0.3-2.2 45.58 NOTE
r-devel-windows-ix86+x86_64 0.3-2.2 25.00 53.00 78.00 OK
r-patched-linux-x86_64 0.3-2.2 5.73 31.05 36.78 OK
r-patched-osx-x86_64 0.3-2.2 OK
r-patched-solaris-x86 0.3-2.2 74.10 OK
r-release-linux-x86_64 0.3-2.2 5.04 29.13 34.17 OK
r-release-windows-ix86+x86_64 0.3-2.2 24.00 54.00 78.00 OK
r-release-osx-x86_64 0.3-2.2 OK
r-oldrel-windows-ix86+x86_64 0.3-2.2 14.00 65.00 79.00 OK
r-oldrel-osx-x86_64 0.3-2.2 OK

Check Details

Version: 0.3-2.2
Check: compiled code
Result: NOTE
    File ‘clv/libs/clv.so’:
     Found no calls to: ‘R_registerRoutines’, ‘R_useDynamicSymbols’
    
    It is good practice to register native routines and to disable symbol
    search.
    
    See ‘Writing portable packages’ in the ‘Writing R Extensions’ manual.
Flavors: r-devel-linux-x86_64-fedora-clang, r-devel-linux-x86_64-fedora-gcc