CRAN Package Check Results for Package clusteredinterference

Last updated on 2020-04-25 01:52:57 CEST.

Flavor Version Tinstall Tcheck Ttotal Status Flags
r-devel-linux-x86_64-debian-clang 1.0.1 3.45 582.98 586.43 OK
r-devel-linux-x86_64-debian-gcc 1.0.1 3.06 423.59 426.65 OK
r-devel-linux-x86_64-fedora-clang 1.0.1 673.20 OK
r-devel-linux-x86_64-fedora-gcc 1.0.1 685.54 OK
r-devel-windows-ix86+x86_64 1.0.1 11.00 533.00 544.00 OK
r-patched-linux-x86_64 1.0.1 3.02 561.86 564.88 OK
r-patched-osx-x86_64 1.0.1 WARN
r-patched-solaris-x86 1.0.1 820.60 OK
r-release-linux-x86_64 1.0.1 3.18 514.88 518.06 OK
r-release-windows-ix86+x86_64 1.0.1 8.00 461.00 469.00 OK
r-release-osx-x86_64 1.0.1 OK
r-oldrel-windows-ix86+x86_64 1.0.1 4.00 619.00 623.00 OK
r-oldrel-osx-x86_64 1.0.1 OK

Check Details

Version: 1.0.1
Check: re-building of vignette outputs
Result: WARN
    Error(s) in re-building vignettes:
     ...
    --- re-building ‘estimate-policyFX.Rmd’ using rmarkdown
    dyld: lazy symbol binding failed: Symbol not found: ____chkstk_darwin
     Referenced from: /usr/local/bin/pandoc (which was built for Mac OS X 10.15)
     Expected in: /usr/lib/libSystem.B.dylib
    
    dyld: Symbol not found: ____chkstk_darwin
     Referenced from: /usr/local/bin/pandoc (which was built for Mac OS X 10.15)
     Expected in: /usr/lib/libSystem.B.dylib
    
    Error: processing vignette 'estimate-policyFX.Rmd' failed with diagnostics:
    pandoc document conversion failed with error 6
    --- failed re-building ‘estimate-policyFX.Rmd’
    
    SUMMARY: processing the following file failed:
     ‘estimate-policyFX.Rmd’
    
    Error: Vignette re-building failed.
    Execution halted
Flavor: r-patched-osx-x86_64