CRAN Package Check Results for Package clustcurv

Last updated on 2020-04-25 01:52:57 CEST.

Flavor Version Tinstall Tcheck Ttotal Status Flags
r-devel-linux-x86_64-debian-clang 2.0.0 12.18 105.58 117.76 OK
r-devel-linux-x86_64-debian-gcc 2.0.0 10.97 78.96 89.93 OK
r-devel-linux-x86_64-fedora-clang 2.0.0 138.74 NOTE
r-devel-linux-x86_64-fedora-gcc 2.0.0 136.45 NOTE
r-devel-windows-ix86+x86_64 2.0.0 41.00 111.00 152.00 OK
r-patched-linux-x86_64 2.0.0 11.20 98.65 109.85 OK
r-patched-osx-x86_64 2.0.0 NOTE
r-patched-solaris-x86 2.0.0 215.60 NOTE
r-release-linux-x86_64 2.0.0 7.73 90.94 98.67 OK
r-release-windows-ix86+x86_64 2.0.0 36.00 103.00 139.00 OK
r-release-osx-x86_64 2.0.0 NOTE
r-oldrel-windows-ix86+x86_64 2.0.0 10.00 164.00 174.00 ERROR
r-oldrel-osx-x86_64 2.0.0 ERROR

Check Details

Version: 2.0.0
Check: dependencies in R code
Result: NOTE
    Namespace in Imports field not imported from: ‘KernSmooth’
     All declared Imports should be used.
Flavors: r-devel-linux-x86_64-fedora-clang, r-devel-linux-x86_64-fedora-gcc, r-patched-osx-x86_64, r-patched-solaris-x86, r-release-osx-x86_64, r-oldrel-osx-x86_64

Version: 2.0.0
Check: tests
Result: ERROR
     Running 'testthat.R' [15s]
    Running the tests in 'tests/testthat.R' failed.
    Complete output:
     > library(testthat)
     > library(clustcurv)
     >
     > testthat::test_check("clustcurv")
     Checking 1 cluster...
     Checking 2 clusters...
    
     Finally, there are 2 clusters.
     Checking 1 cluster...
     Checking 2 clusters...
     Checking 3 clusters...
    
     Finally, there are 3 clusters.
     -- 1. Failure: Regression fit computed correctly (@test-autoclustcurv.R#26) ---
     fit$cluster not equal to `expected`.
     5/5 mismatches (average diff: 1.2)
     [1] 1 - 2 == -1
     [2] 3 - 1 == 2
     [3] 2 - 1 == 1
     [4] 2 - 1 == 1
     [5] 1 - 2 == -1
    
     -- 2. Failure: Regression fit computed correctly (@test-autoclustcurv.R#27) ---
     Expectation did not succeed:
     fit$num_groups not equal to max(expected).
     1/1 mismatches
     [1] 3 - 2 == 1
    
     Checking 1 cluster...
     Checking 1 cluster...
     Checking 1 cluster...
     == testthat results ===========================================================
     [ OK: 34 | SKIPPED: 0 | WARNINGS: 0 | FAILED: 2 ]
     1. Failure: Regression fit computed correctly (@test-autoclustcurv.R#26)
     2. Failure: Regression fit computed correctly (@test-autoclustcurv.R#27)
    
     Error: testthat unit tests failed
     Execution halted
Flavor: r-oldrel-windows-ix86+x86_64

Version: 2.0.0
Check: tests
Result: ERROR
     Running ‘testthat.R’ [9s/9s]
    Running the tests in ‘tests/testthat.R’ failed.
    Last 13 lines of output:
     Expectation did not succeed:
     fit$num_groups not equal to max(expected).
     1/1 mismatches
     [1] 3 - 2 == 1
    
     Checking 1 cluster...
     Checking 1 cluster...
     Checking 1 cluster...
     ══ testthat results ═══════════════════════════════════════════════════════════
     [ OK: 34 | SKIPPED: 0 | WARNINGS: 0 | FAILED: 2 ]
     1. Failure: Regression fit computed correctly (@test-autoclustcurv.R#26)
     2. Failure: Regression fit computed correctly (@test-autoclustcurv.R#27)
    
     Error: testthat unit tests failed
     Execution halted
Flavor: r-oldrel-osx-x86_64