CRAN Package Check Results for Package clpAPI

Last updated on 2020-04-25 01:52:57 CEST.

Flavor Version Tinstall Tcheck Ttotal Status Flags
r-devel-linux-x86_64-debian-clang 1.2.13 8.07 35.02 43.09 OK
r-devel-linux-x86_64-debian-gcc 1.2.13 5.56 28.10 33.66 OK
r-devel-linux-x86_64-fedora-clang 1.2.13 54.21 OK
r-devel-linux-x86_64-fedora-gcc 1.2.13 52.19 OK
r-devel-windows-ix86+x86_64 1.2.13 25.00 85.00 110.00 NOTE
r-patched-linux-x86_64 1.2.13 7.10 34.62 41.72 OK
r-patched-osx-x86_64 1.2.13 ERROR
r-patched-solaris-x86 1.2.13 89.70 OK
r-release-linux-x86_64 1.2.13 5.91 33.01 38.92 OK
r-release-windows-ix86+x86_64 1.2.13 17.00 83.00 100.00 NOTE
r-release-osx-x86_64 1.2.13 ERROR
r-oldrel-windows-ix86+x86_64 1.2.13 22.00 102.00 124.00 NOTE
r-oldrel-osx-x86_64 1.2.13 ERROR

Check Details

Version: 1.2.13
Check: installed package size
Result: NOTE
     installed size is 7.3Mb
     sub-directories of 1Mb or more:
     libs 6.7Mb
Flavors: r-devel-windows-ix86+x86_64, r-release-windows-ix86+x86_64, r-oldrel-windows-ix86+x86_64

Version: 1.2.13
Check: whether package can be installed
Result: ERROR
    Installation failed.
Flavors: r-patched-osx-x86_64, r-release-osx-x86_64, r-oldrel-osx-x86_64