CRAN Package Check Results for Package classifierplots

Last updated on 2020-04-25 01:52:57 CEST.

Flavor Version Tinstall Tcheck Ttotal Status Flags
r-devel-linux-x86_64-debian-clang 1.3.3 12.41 109.19 121.60 OK
r-devel-linux-x86_64-debian-gcc 1.3.3 11.88 84.40 96.28 OK
r-devel-linux-x86_64-fedora-clang 1.3.3 147.99 NOTE
r-devel-linux-x86_64-fedora-gcc 1.3.3 146.34 NOTE
r-devel-windows-ix86+x86_64 1.3.3 46.00 115.00 161.00 OK
r-patched-linux-x86_64 1.3.3 12.50 103.47 115.97 OK
r-patched-osx-x86_64 1.3.3 NOTE
r-patched-solaris-x86 1.3.3 223.60 NOTE
r-release-linux-x86_64 1.3.3 13.94 95.68 109.62 OK
r-release-windows-ix86+x86_64 1.3.3 35.00 106.00 141.00 OK
r-release-osx-x86_64 1.3.3 NOTE
r-oldrel-windows-ix86+x86_64 1.3.3 15.00 166.00 181.00 OK
r-oldrel-osx-x86_64 1.3.3 NOTE

Check Details

Version: 1.3.3
Check: dependencies in R code
Result: NOTE
    Namespace in Imports field not imported from: ‘Rcpp’
     All declared Imports should be used.
Flavors: r-devel-linux-x86_64-fedora-clang, r-devel-linux-x86_64-fedora-gcc, r-patched-osx-x86_64, r-patched-solaris-x86, r-release-osx-x86_64, r-oldrel-osx-x86_64