CRAN Package Check Results for Package ckanr

Last updated on 2020-04-25 01:52:57 CEST.

Flavor Version Tinstall Tcheck Ttotal Status Flags
r-devel-linux-x86_64-debian-clang 0.4.0 8.57 62.99 71.56 OK
r-devel-linux-x86_64-debian-gcc 0.4.0 7.71 47.91 55.62 OK
r-devel-linux-x86_64-fedora-clang 0.4.0 92.34 OK
r-devel-linux-x86_64-fedora-gcc 0.4.0 87.86 OK
r-devel-windows-ix86+x86_64 0.4.0 32.00 76.00 108.00 OK
r-patched-linux-x86_64 0.4.0 9.02 60.15 69.17 OK
r-patched-osx-x86_64 0.4.0 WARN
r-patched-solaris-x86 0.4.0 113.50 OK
r-release-linux-x86_64 0.4.0 7.08 55.25 62.33 OK
r-release-windows-ix86+x86_64 0.4.0 30.00 77.00 107.00 OK
r-release-osx-x86_64 0.4.0 OK
r-oldrel-windows-ix86+x86_64 0.4.0 14.00 68.00 82.00 OK
r-oldrel-osx-x86_64 0.4.0 OK

Check Details

Version: 0.4.0
Check: re-building of vignette outputs
Result: WARN
    Error(s) in re-building vignettes:
     ...
    --- re-building ‘ckanr.Rmd’ using rmarkdown
    dyld: lazy symbol binding failed: Symbol not found: ____chkstk_darwin
     Referenced from: /usr/local/bin/pandoc (which was built for Mac OS X 10.15)
     Expected in: /usr/lib/libSystem.B.dylib
    
    dyld: Symbol not found: ____chkstk_darwin
     Referenced from: /usr/local/bin/pandoc (which was built for Mac OS X 10.15)
     Expected in: /usr/lib/libSystem.B.dylib
    
    Error: processing vignette 'ckanr.Rmd' failed with diagnostics:
    pandoc document conversion failed with error 6
    --- failed re-building ‘ckanr.Rmd’
    
    SUMMARY: processing the following file failed:
     ‘ckanr.Rmd’
    
    Error: Vignette re-building failed.
    Execution halted
Flavor: r-patched-osx-x86_64