CRAN Package Check Results for Package cjoint

Last updated on 2020-04-25 01:52:57 CEST.

Flavor Version Tinstall Tcheck Ttotal Status Flags
r-devel-linux-x86_64-debian-clang 2.1.0 14.44 133.12 147.56 OK
r-devel-linux-x86_64-debian-gcc 2.1.0 13.27 100.28 113.55 OK
r-devel-linux-x86_64-fedora-clang 2.1.0 176.35 NOTE
r-devel-linux-x86_64-fedora-gcc 2.1.0 179.93 NOTE
r-devel-windows-ix86+x86_64 2.1.0 43.00 146.00 189.00 OK
r-patched-linux-x86_64 2.1.0 17.20 126.67 143.87 OK
r-patched-osx-x86_64 2.1.0 NOTE
r-patched-solaris-x86 2.1.0 311.10 NOTE
r-release-linux-x86_64 2.1.0 14.68 117.32 132.00 OK
r-release-windows-ix86+x86_64 2.1.0 32.00 136.00 168.00 OK
r-release-osx-x86_64 2.1.0 NOTE
r-oldrel-windows-ix86+x86_64 2.1.0 15.00 192.00 207.00 OK
r-oldrel-osx-x86_64 2.1.0 NOTE

Check Details

Version: 2.1.0
Check: dependencies in R code
Result: NOTE
    Namespace in Imports field not imported from: ‘shinyBS’
     All declared Imports should be used.
Flavors: r-devel-linux-x86_64-fedora-clang, r-devel-linux-x86_64-fedora-gcc, r-patched-osx-x86_64, r-patched-solaris-x86, r-release-osx-x86_64, r-oldrel-osx-x86_64

Version: 2.1.0
Check: data for non-ASCII characters
Result: NOTE
     Note: found 29 marked UTF-8 strings
Flavors: r-devel-linux-x86_64-fedora-clang, r-devel-linux-x86_64-fedora-gcc, r-patched-osx-x86_64, r-patched-solaris-x86, r-release-osx-x86_64, r-oldrel-osx-x86_64