CRAN Package Check Results for Package circumplex

Last updated on 2020-04-25 01:52:57 CEST.

Flavor Version Tinstall Tcheck Ttotal Status Flags
r-devel-linux-x86_64-debian-clang 0.3.5 43.63 191.61 235.24 OK
r-devel-linux-x86_64-debian-gcc 0.3.5 30.91 143.86 174.77 OK
r-devel-linux-x86_64-fedora-clang 0.3.5 280.52 OK
r-devel-linux-x86_64-fedora-gcc 0.3.5 278.98 OK
r-devel-windows-ix86+x86_64 0.3.5 127.00 275.00 402.00 OK
r-patched-linux-x86_64 0.3.5 36.32 185.65 221.97 OK
r-patched-osx-x86_64 0.3.5 WARN
r-patched-solaris-x86 0.3.5 394.30 OK
r-release-linux-x86_64 0.3.5 33.57 168.17 201.74 OK
r-release-windows-ix86+x86_64 0.3.5 119.00 362.00 481.00 OK
r-release-osx-x86_64 0.3.5 OK
r-oldrel-windows-ix86+x86_64 0.3.5 79.00 249.00 328.00 OK
r-oldrel-osx-x86_64 0.3.5 OK

Check Details

Version: 0.3.5
Check: re-building of vignette outputs
Result: WARN
    Error(s) in re-building vignettes:
    --- re-building ‘intermediate-ssm-analysis.Rmd’ using rmarkdown
    dyld: lazy symbol binding failed: Symbol not found: ____chkstk_darwin
     Referenced from: /usr/local/bin/pandoc (which was built for Mac OS X 10.15)
     Expected in: /usr/lib/libSystem.B.dylib
    
    dyld: Symbol not found: ____chkstk_darwin
     Referenced from: /usr/local/bin/pandoc (which was built for Mac OS X 10.15)
     Expected in: /usr/lib/libSystem.B.dylib
    
    Error: processing vignette 'intermediate-ssm-analysis.Rmd' failed with diagnostics:
    pandoc document conversion failed with error 6
    --- failed re-building ‘intermediate-ssm-analysis.Rmd’
    
    --- re-building ‘introduction-to-ssm-analysis.Rmd’ using rmarkdown
    dyld: lazy symbol binding failed: Symbol not found: ____chkstk_darwin
     Referenced from: /usr/local/bin/pandoc (which was built for Mac OS X 10.15)
     Expected in: /usr/lib/libSystem.B.dylib
    
    dyld: Symbol not found: ____chkstk_darwin
     Referenced from: /usr/local/bin/pandoc (which was built for Mac OS X 10.15)
     Expected in: /usr/lib/libSystem.B.dylib
    
    Error: processing vignette 'introduction-to-ssm-analysis.Rmd' failed with diagnostics:
    pandoc document conversion failed with error 6
    --- failed re-building ‘introduction-to-ssm-analysis.Rmd’
    
    --- re-building ‘using-instruments.Rmd’ using rmarkdown
    dyld: lazy symbol binding failed: Symbol not found: ____chkstk_darwin
     Referenced from: /usr/local/bin/pandoc (which was built for Mac OS X 10.15)
     Expected in: /usr/lib/libSystem.B.dylib
    
    dyld: Symbol not found: ____chkstk_darwin
     Referenced from: /usr/local/bin/pandoc (which was built for Mac OS X 10.15)
     Expected in: /usr/lib/libSystem.B.dylib
    
    Error: processing vignette 'using-instruments.Rmd' failed with diagnostics:
    pandoc document conversion failed with error 6
    --- failed re-building ‘using-instruments.Rmd’
    
    SUMMARY: processing the following files failed:
     ‘intermediate-ssm-analysis.Rmd’ ‘introduction-to-ssm-analysis.Rmd’
     ‘using-instruments.Rmd’
    
    Error: Vignette re-building failed.
    Execution halted
Flavor: r-patched-osx-x86_64