CRAN Package Check Results for Package chest

Last updated on 2020-04-25 01:52:57 CEST.

Flavor Version Tinstall Tcheck Ttotal Status Flags
r-devel-linux-x86_64-debian-clang 0.3.1 11.02 119.15 130.17 OK
r-devel-linux-x86_64-debian-gcc 0.3.1 9.36 89.93 99.29 OK
r-devel-linux-x86_64-fedora-clang 0.3.1 151.74 NOTE
r-devel-linux-x86_64-fedora-gcc 0.3.1 158.82 NOTE
r-devel-windows-ix86+x86_64 0.3.1 33.00 117.00 150.00 OK
r-patched-linux-x86_64 0.3.1 9.89 112.74 122.63 OK
r-patched-osx-x86_64 0.3.1 WARN
r-patched-solaris-x86 0.3.1 227.00 NOTE
r-release-linux-x86_64 0.3.1 10.69 104.67 115.36 OK
r-release-windows-ix86+x86_64 0.3.1 32.00 175.00 207.00 OK
r-release-osx-x86_64 0.3.1 NOTE
r-oldrel-windows-ix86+x86_64 0.3.1 11.00 112.00 123.00 OK
r-oldrel-osx-x86_64 0.3.1 NOTE

Check Details

Version: 0.3.1
Check: dependencies in R code
Result: NOTE
    Namespace in Imports field not imported from: ‘magrittr’
     All declared Imports should be used.
Flavors: r-devel-linux-x86_64-fedora-clang, r-devel-linux-x86_64-fedora-gcc, r-patched-osx-x86_64, r-patched-solaris-x86, r-release-osx-x86_64, r-oldrel-osx-x86_64

Version: 0.3.1
Check: re-building of vignette outputs
Result: WARN
    Error(s) in re-building vignettes:
     ...
    --- re-building ‘chest-vignette.Rmd’ using rmarkdown
    dyld: lazy symbol binding failed: Symbol not found: ____chkstk_darwin
     Referenced from: /usr/local/bin/pandoc (which was built for Mac OS X 10.15)
     Expected in: /usr/lib/libSystem.B.dylib
    
    dyld: Symbol not found: ____chkstk_darwin
     Referenced from: /usr/local/bin/pandoc (which was built for Mac OS X 10.15)
     Expected in: /usr/lib/libSystem.B.dylib
    
    Error: processing vignette 'chest-vignette.Rmd' failed with diagnostics:
    pandoc document conversion failed with error 6
    --- failed re-building ‘chest-vignette.Rmd’
    
    SUMMARY: processing the following file failed:
     ‘chest-vignette.Rmd’
    
    Error: Vignette re-building failed.
    Execution halted
Flavor: r-patched-osx-x86_64