CRAN Package Check Results for Package checkmate

Last updated on 2020-04-25 01:52:57 CEST.

Flavor Version Tinstall Tcheck Ttotal Status Flags
r-devel-linux-x86_64-debian-clang 2.0.0 9.94 74.43 84.37 OK
r-devel-linux-x86_64-debian-gcc 2.0.0 7.83 56.05 63.88 OK
r-devel-linux-x86_64-fedora-clang 2.0.0 98.97 OK
r-devel-linux-x86_64-fedora-gcc 2.0.0 103.36 OK
r-devel-windows-ix86+x86_64 2.0.0 4.00 5.00 9.00 ERROR
r-patched-linux-x86_64 2.0.0 8.88 71.68 80.56 OK
r-patched-osx-x86_64 2.0.0 OK
r-patched-solaris-x86 2.0.0 131.80 ERROR
r-release-linux-x86_64 2.0.0 7.97 66.28 74.25 OK
r-release-windows-ix86+x86_64 2.0.0 44.00 147.00 191.00 OK
r-release-osx-x86_64 2.0.0 OK
r-oldrel-windows-ix86+x86_64 2.0.0 62.00 92.00 154.00 OK
r-oldrel-osx-x86_64 2.0.0 OK

Check Details

Version: 2.0.0
Check: whether package can be installed
Result: ERROR
    Installation failed.
Flavor: r-devel-windows-ix86+x86_64

Version: 2.0.0
Check: tests
Result: ERROR
     Running ‘test-all.R’ [17s/21s]
    Running the tests in ‘tests/test-all.R’ failed.
    Complete output:
     > library(testthat)
     > test_check("checkmate")
     Loading required package: checkmate
     ── 1. Failure: checkNames (@test_checkNames.R#34) ─────────────────────────────
     testNames("ä", type = "strict") isn't false.
    
     ── 2. Failure: checkNames (@test_checkNames.R#35) ─────────────────────────────
     testNames("ä", type = "ids") isn't false.
    
     ══ testthat results ═══════════════════════════════════════════════════════════
     [ OK: 2899 | SKIPPED: 1 | WARNINGS: 0 | FAILED: 2 ]
     1. Failure: checkNames (@test_checkNames.R#34)
     2. Failure: checkNames (@test_checkNames.R#35)
    
     Error: testthat unit tests failed
     Execution halted
Flavor: r-patched-solaris-x86