CRAN Package Check Results for Package changepoint

Last updated on 2020-04-25 01:52:57 CEST.

Flavor Version Tinstall Tcheck Ttotal Status Flags
r-devel-linux-x86_64-debian-clang 2.2.2 10.49 260.36 270.85 NOTE
r-devel-linux-x86_64-debian-gcc 2.2.2 7.78 196.36 204.14 NOTE
r-devel-linux-x86_64-fedora-clang 2.2.2 302.63 NOTE
r-devel-linux-x86_64-fedora-gcc 2.2.2 314.97 NOTE
r-devel-windows-ix86+x86_64 2.2.2 35.00 420.00 455.00 NOTE
r-patched-linux-x86_64 2.2.2 9.05 257.43 266.48 NOTE
r-patched-osx-x86_64 2.2.2 NOTE
r-patched-solaris-x86 2.2.2 397.20 NOTE
r-release-linux-x86_64 2.2.2 8.47 229.01 237.48 NOTE
r-release-windows-ix86+x86_64 2.2.2 25.00 380.00 405.00 NOTE
r-release-osx-x86_64 2.2.2 NOTE
r-oldrel-windows-ix86+x86_64 2.2.2 15.00 551.00 566.00 NOTE
r-oldrel-osx-x86_64 2.2.2 NOTE

Check Details

Version: 2.2.2
Check: DESCRIPTION meta-information
Result: NOTE
    BugReports field is not a suitable URL but contains an email address:
     use the Contact field instead
Flavors: r-devel-linux-x86_64-debian-clang, r-devel-linux-x86_64-debian-gcc, r-devel-linux-x86_64-fedora-clang, r-devel-linux-x86_64-fedora-gcc, r-devel-windows-ix86+x86_64, r-patched-linux-x86_64, r-patched-osx-x86_64, r-patched-solaris-x86, r-release-linux-x86_64, r-release-windows-ix86+x86_64

Version: 2.2.2
Check: compiled code
Result: NOTE
    File ‘changepoint/libs/changepoint.so’:
     Found no calls to: ‘R_registerRoutines’, ‘R_useDynamicSymbols’
    
    It is good practice to register native routines and to disable symbol
    search.
    
    See ‘Writing portable packages’ in the ‘Writing R Extensions’ manual.
Flavors: r-devel-linux-x86_64-fedora-clang, r-devel-linux-x86_64-fedora-gcc

Version: 2.2.2
Check: DESCRIPTION meta-information
Result: NOTE
    BugReports field is not a suitable URL but contains an email address
     which will be used as from R 3.4.0
Flavors: r-release-osx-x86_64, r-oldrel-windows-ix86+x86_64, r-oldrel-osx-x86_64