CRAN Package Check Results for Package cghRA

Last updated on 2020-04-25 01:52:57 CEST.

Flavor Version Tinstall Tcheck Ttotal Status Flags
r-devel-linux-x86_64-debian-clang 1.6.0 12.31 68.03 80.34 OK
r-devel-linux-x86_64-debian-gcc 1.6.0 11.62 53.06 64.68 OK
r-devel-linux-x86_64-fedora-clang 1.6.0 100.65 OK
r-devel-linux-x86_64-fedora-gcc 1.6.0 100.10 OK
r-devel-windows-ix86+x86_64 1.6.0 30.00 92.00 122.00 OK
r-patched-linux-x86_64 1.6.0 11.47 67.85 79.32 OK
r-patched-osx-x86_64 1.6.0 NOTE
r-patched-solaris-x86 1.6.0 133.00 OK
r-release-linux-x86_64 1.6.0 9.67 61.05 70.72 OK
r-release-windows-ix86+x86_64 1.6.0 19.00 121.00 140.00 OK
r-release-osx-x86_64 1.6.0 NOTE
r-oldrel-windows-ix86+x86_64 1.6.0 16.00 88.00 104.00 OK
r-oldrel-osx-x86_64 1.6.0 NOTE

Check Details

Version: 1.6.0
Check: package dependencies
Result: NOTE
    Package suggested but not available for checking: ‘GLAD’
Flavors: r-patched-osx-x86_64, r-release-osx-x86_64, r-oldrel-osx-x86_64

Version: 1.6.0
Check: dependencies in R code
Result: NOTE
    No protocol specified
    No protocol specified
    No protocol specified
    No protocol specified
Flavor: r-release-osx-x86_64