CRAN Package Check Results for Package ceterisParibus

Last updated on 2020-04-25 01:52:57 CEST.

Flavor Version Tinstall Tcheck Ttotal Status Flags
r-devel-linux-x86_64-debian-clang 0.4.2 4.82 53.45 58.27 OK
r-devel-linux-x86_64-debian-gcc 0.4.2 4.25 40.96 45.21 OK
r-devel-linux-x86_64-fedora-clang 0.4.2 71.09 NOTE
r-devel-linux-x86_64-fedora-gcc 0.4.2 74.38 NOTE
r-devel-windows-ix86+x86_64 0.4.2 23.00 70.00 93.00 OK
r-patched-linux-x86_64 0.4.2 4.49 50.85 55.34 OK
r-patched-osx-x86_64 0.4.2 NOTE
r-patched-solaris-x86 0.4.2 105.20 NOTE
r-release-linux-x86_64 0.4.2 3.73 47.39 51.12 OK
r-release-windows-ix86+x86_64 0.4.2 13.00 68.00 81.00 OK
r-release-osx-x86_64 0.4.2 NOTE
r-oldrel-windows-ix86+x86_64 0.4.2 7.00 125.00 132.00 OK
r-oldrel-osx-x86_64 0.4.1 NOTE

Check Details

Version: 0.4.2
Check: dependencies in R code
Result: NOTE
    Namespace in Imports field not imported from: ‘knitr’
     All declared Imports should be used.
Flavors: r-devel-linux-x86_64-fedora-clang, r-devel-linux-x86_64-fedora-gcc, r-patched-osx-x86_64, r-patched-solaris-x86, r-release-osx-x86_64

Version: 0.4.1
Check: dependencies in R code
Result: NOTE
    Namespace in Imports field not imported from: ‘knitr’
     All declared Imports should be used.
Flavor: r-oldrel-osx-x86_64