CRAN Package Check Results for Package cec2013

Last updated on 2020-04-25 01:52:57 CEST.

Flavor Version Tinstall Tcheck Ttotal Status Flags
r-devel-linux-x86_64-debian-clang 0.1-5 6.62 17.00 23.62 OK
r-devel-linux-x86_64-debian-gcc 0.1-5 3.43 13.66 17.09 OK
r-devel-linux-x86_64-fedora-clang 0.1-5 28.86 NOTE
r-devel-linux-x86_64-fedora-gcc 0.1-5 25.54 NOTE
r-devel-windows-ix86+x86_64 0.1-5 14.00 33.00 47.00 NOTE
r-patched-linux-x86_64 0.1-5 4.44 16.89 21.33 OK
r-patched-osx-x86_64 0.1-5 NOTE
r-patched-solaris-x86 0.1-5 44.00 NOTE
r-release-linux-x86_64 0.1-5 3.67 15.98 19.65 OK
r-release-windows-ix86+x86_64 0.1-5 12.00 46.00 58.00 NOTE
r-release-osx-x86_64 0.1-5 NOTE
r-oldrel-windows-ix86+x86_64 0.1-5 10.00 30.00 40.00 NOTE
r-oldrel-osx-x86_64 0.1-5 NOTE

Check Details

Version: 0.1-5
Check: installed package size
Result: NOTE
     installed size is 9.5Mb
     sub-directories of 1Mb or more:
     extdata 9.3Mb
Flavors: r-devel-linux-x86_64-fedora-clang, r-devel-windows-ix86+x86_64, r-patched-osx-x86_64, r-patched-solaris-x86, r-release-windows-ix86+x86_64, r-release-osx-x86_64, r-oldrel-windows-ix86+x86_64, r-oldrel-osx-x86_64

Version: 0.1-5
Check: compiled code
Result: NOTE
    File ‘cec2013/libs/cec2013.so’:
     Found no calls to: ‘R_registerRoutines’, ‘R_useDynamicSymbols’
    
    It is good practice to register native routines and to disable symbol
    search.
    
    See ‘Writing portable packages’ in the ‘Writing R Extensions’ manual.
Flavors: r-devel-linux-x86_64-fedora-clang, r-devel-linux-x86_64-fedora-gcc