CRAN Package Check Results for Package cbq

Last updated on 2020-04-25 01:52:57 CEST.

Flavor Version Tinstall Tcheck Ttotal Status Flags
r-devel-linux-x86_64-debian-clang 0.1.0.0 1450.44 143.41 1593.85 NOTE
r-devel-linux-x86_64-debian-gcc 0.1.0.0 1248.99 157.22 1406.21 NOTE
r-devel-linux-x86_64-fedora-clang 0.1.0.0 2392.16 NOTE
r-devel-linux-x86_64-fedora-gcc 0.1.0.0 2801.66 NOTE
r-devel-windows-ix86+x86_64 0.1.0.0 596.00 6.00 602.00 ERROR
r-patched-linux-x86_64 0.1.0.0 1342.78 206.02 1548.80 NOTE
r-patched-osx-x86_64 0.1.0.0 NOTE
r-patched-solaris-x86 0.1.0.0 1944.00 NOTE
r-release-linux-x86_64 0.1.0.0 1241.62 171.71 1413.33 NOTE
r-release-windows-ix86+x86_64 0.1.0.0 3339.00 241.00 3580.00 NOTE
r-release-osx-x86_64 0.1.0.0 NOTE
r-oldrel-windows-ix86+x86_64 0.1.0.0 2387.00 322.00 2709.00 NOTE
r-oldrel-osx-x86_64 0.1.0.0 NOTE

Check Details

Version: 0.1.0.0
Check: for GNU extensions in Makefiles
Result: NOTE
    GNU make is a SystemRequirements.
Flavors: r-devel-linux-x86_64-debian-clang, r-devel-linux-x86_64-debian-gcc, r-devel-linux-x86_64-fedora-clang, r-devel-linux-x86_64-fedora-gcc, r-patched-linux-x86_64, r-patched-osx-x86_64, r-patched-solaris-x86, r-release-linux-x86_64, r-release-windows-ix86+x86_64, r-release-osx-x86_64, r-oldrel-windows-ix86+x86_64, r-oldrel-osx-x86_64

Version: 0.1.0.0
Check: installed package size
Result: NOTE
     installed size is 217.4Mb
     sub-directories of 1Mb or more:
     libs 216.9Mb
Flavors: r-devel-linux-x86_64-fedora-clang, r-patched-osx-x86_64, r-patched-solaris-x86, r-release-windows-ix86+x86_64, r-release-osx-x86_64, r-oldrel-windows-ix86+x86_64, r-oldrel-osx-x86_64

Version: 0.1.0.0
Check: whether package can be installed
Result: ERROR
    Installation failed.
Flavor: r-devel-windows-ix86+x86_64