CRAN Package Check Results for Package causalMGM

Last updated on 2020-04-25 01:52:57 CEST.

Flavor Version Tinstall Tcheck Ttotal Status Flags
r-devel-linux-x86_64-debian-clang 0.1.1 3.44 30.54 33.98 NOTE
r-devel-linux-x86_64-debian-gcc 0.1.1 2.85 24.20 27.05 NOTE
r-devel-linux-x86_64-fedora-clang 0.1.1 41.46 NOTE
r-devel-linux-x86_64-fedora-gcc 0.1.1 40.61 NOTE
r-devel-windows-ix86+x86_64 0.1.1 10.00 43.00 53.00 OK
r-patched-linux-x86_64 0.1.1 3.45 29.99 33.44 NOTE
r-patched-osx-x86_64 0.1.1 ERROR
r-patched-solaris-x86 0.1.1 69.30 NOTE
r-release-linux-x86_64 0.1.1 2.92 27.30 30.22 OK
r-release-windows-ix86+x86_64 0.1.1 6.00 41.00 47.00 OK
r-release-osx-x86_64 0.1.1 OK
r-oldrel-windows-ix86+x86_64 0.1.1 5.00 42.00 47.00 OK
r-oldrel-osx-x86_64 0.1.1 OK

Check Details

Version: 0.1.1
Check: for non-standard things in the check directory
Result: NOTE
    Found the following files/directories:
     'tetradLite.jar'
Flavors: r-devel-linux-x86_64-debian-clang, r-devel-linux-x86_64-debian-gcc, r-devel-linux-x86_64-fedora-clang, r-devel-linux-x86_64-fedora-gcc, r-patched-linux-x86_64, r-patched-solaris-x86

Version: 0.1.1
Check: examples
Result: ERROR
    Running examples in ‘causalMGM-Ex.R’ failed
    The error most likely occurred in:
    
    > ### Name: loadData
    > ### Title: Loads dataset into a DataSet object
    > ### Aliases: loadData
    >
    > ### ** Examples
    >
    > library(rJava)
    > mgm_init()
    trying URL 'https://cdn.rawgit.com/benoslab/tetradLite/7c16abbd/out/artifacts/tetradLite_jar/tetradLite.jar'
    downloaded 9.4 MB
    
    Warning in download.file(url = file_url, mode = "wb", destfile = jarPath) :
     URL 'https://cdn.rawgit.com/benoslab/tetradLite/7c16abbd/out/artifacts/tetradLite_jar/tetradLite.jar': status was 'Transferred a partial file'
    Error in download.file(url = file_url, mode = "wb", destfile = jarPath) :
     download from 'https://cdn.rawgit.com/benoslab/tetradLite/7c16abbd/out/artifacts/tetradLite_jar/tetradLite.jar' failed
    Calls: mgm_init -> download.file
    Execution halted
Flavor: r-patched-osx-x86_64