CRAN Package Check Results for Package cattonum

Last updated on 2020-04-25 01:52:57 CEST.

Flavor Version Tinstall Tcheck Ttotal Status Flags
r-devel-linux-x86_64-debian-clang 0.0.4 19.29 204.24 223.53 OK
r-devel-linux-x86_64-debian-gcc 0.0.4 12.08 161.43 173.51 OK
r-devel-linux-x86_64-fedora-clang 0.0.4 283.50 OK
r-devel-linux-x86_64-fedora-gcc 0.0.4 269.18 OK
r-devel-windows-ix86+x86_64 0.0.4 64.00 225.00 289.00 OK
r-patched-linux-x86_64 0.0.4 14.14 193.60 207.74 OK
r-patched-osx-x86_64 0.0.4 WARN
r-patched-solaris-x86 0.0.4 840.70 OK
r-release-linux-x86_64 0.0.4 13.38 191.89 205.27 OK
r-release-windows-ix86+x86_64 0.0.4 61.00 305.00 366.00 OK
r-release-osx-x86_64 0.0.4 OK
r-oldrel-windows-ix86+x86_64 0.0.4 33.00 214.00 247.00 OK
r-oldrel-osx-x86_64 0.0.4 OK

Check Details

Version: 0.0.4
Check: re-building of vignette outputs
Result: WARN
    Error(s) in re-building vignettes:
     ...
    --- re-building ‘introduction.Rmd’ using rmarkdown
    dyld: lazy symbol binding failed: Symbol not found: ____chkstk_darwin
     Referenced from: /usr/local/bin/pandoc (which was built for Mac OS X 10.15)
     Expected in: /usr/lib/libSystem.B.dylib
    
    dyld: Symbol not found: ____chkstk_darwin
     Referenced from: /usr/local/bin/pandoc (which was built for Mac OS X 10.15)
     Expected in: /usr/lib/libSystem.B.dylib
    
    Error: processing vignette 'introduction.Rmd' failed with diagnostics:
    pandoc document conversion failed with error 6
    --- failed re-building ‘introduction.Rmd’
    
    SUMMARY: processing the following file failed:
     ‘introduction.Rmd’
    
    Error: Vignette re-building failed.
    Execution halted
Flavor: r-patched-osx-x86_64