Last updated on 2020-04-25 01:52:57 CEST.
Flavor | Version | Tinstall | Tcheck | Ttotal | Status | Flags |
---|---|---|---|---|---|---|
r-devel-linux-x86_64-debian-clang | 1.6.4 | 2.99 | 30.64 | 33.63 | NOTE | |
r-devel-linux-x86_64-debian-gcc | 1.6.4 | 2.43 | 24.31 | 26.74 | NOTE | |
r-devel-linux-x86_64-fedora-clang | 1.6.4 | 41.23 | NOTE | |||
r-devel-linux-x86_64-fedora-gcc | 1.6.4 | 40.87 | NOTE | |||
r-devel-windows-ix86+x86_64 | 1.6.4 | 8.00 | 42.00 | 50.00 | OK | |
r-patched-linux-x86_64 | 1.6.4 | 2.72 | 29.87 | 32.59 | NOTE | |
r-patched-osx-x86_64 | 1.6.4 | OK | ||||
r-patched-solaris-x86 | 1.6.4 | 63.30 | NOTE | |||
r-release-linux-x86_64 | 1.6.4 | 2.21 | 28.22 | 30.43 | OK | |
r-release-windows-ix86+x86_64 | 1.6.4 | 6.00 | 38.00 | 44.00 | OK | |
r-release-osx-x86_64 | 1.6.4 | OK | ||||
r-oldrel-windows-ix86+x86_64 | 1.6.4 | 3.00 | 61.00 | 64.00 | OK | |
r-oldrel-osx-x86_64 | 1.6.4 | OK |
Version: 1.6.4
Check: for non-standard things in the check directory
Result: NOTE
Found the following files/directories:
'catmapdata.fixed.effects.plot.pdf' 'catmapdata.funnel.plot.pdf'
'catmapdata.output.txt' 'catmapdata.random.effects.plot.pdf'
Flavors: r-devel-linux-x86_64-debian-clang, r-devel-linux-x86_64-debian-gcc, r-devel-linux-x86_64-fedora-clang, r-devel-linux-x86_64-fedora-gcc, r-patched-linux-x86_64, r-patched-solaris-x86