CRAN Package Check Results for Package catfun

Last updated on 2020-04-25 01:52:57 CEST.

Flavor Version Tinstall Tcheck Ttotal Status Flags
r-devel-linux-x86_64-debian-clang 0.1.4 11.27 89.89 101.16 OK
r-devel-linux-x86_64-debian-gcc 0.1.4 9.25 67.66 76.91 OK
r-devel-linux-x86_64-fedora-clang 0.1.4 119.00 NOTE
r-devel-linux-x86_64-fedora-gcc 0.1.4 121.64 NOTE
r-devel-windows-ix86+x86_64 0.1.4 47.00 100.00 147.00 OK
r-patched-linux-x86_64 0.1.4 10.23 83.79 94.02 OK
r-patched-osx-x86_64 0.1.4 NOTE
r-patched-solaris-x86 0.1.4 186.30 NOTE
r-release-linux-x86_64 0.1.4 11.75 76.61 88.36 OK
r-release-windows-ix86+x86_64 0.1.4 38.00 150.00 188.00 OK
r-release-osx-x86_64 0.1.4 NOTE
r-oldrel-windows-ix86+x86_64 0.1.4 11.00 88.00 99.00 OK
r-oldrel-osx-x86_64 0.1.4 NOTE

Check Details

Version: 0.1.4
Check: dependencies in R code
Result: NOTE
    Namespaces in Imports field not imported from:
     ‘broom’ ‘epitools’
     All declared Imports should be used.
Flavors: r-devel-linux-x86_64-fedora-clang, r-devel-linux-x86_64-fedora-gcc, r-patched-osx-x86_64, r-patched-solaris-x86, r-release-osx-x86_64, r-oldrel-osx-x86_64